{"id":4426,"date":"2025-02-07T17:32:36","date_gmt":"2025-02-07T10:32:36","guid":{"rendered":"https:\/\/www.gotadi.com\/services\/?post_type=product&#038;p=4426"},"modified":"2026-04-22T00:11:58","modified_gmt":"2026-04-21T17:11:58","slug":"tour-vung-tau-2-ngay-1-dem-teambuilding-gala-dinner","status":"publish","type":"product","link":"https:\/\/www.gotadi.com\/services\/tour-vung-tau-2-ngay-1-dem-teambuilding-gala-dinner\/","title":{"rendered":"TOUR V\u0168NG T\u00c0U 2 NG\u00c0Y 1 \u0110\u00caM &#8211; TEAMBUILDING &#8211; GALA DINNER"},"content":{"rendered":"<h2 id=\"ngay-1-hcm-vung-tau-teambuilding-gala-dinner-an-3-bua\"><strong><span style=\"vertical-align: inherit\"><span style=\"vertical-align: inherit\">NG\u00c0Y 1: <\/span><\/span><\/strong><strong><span style=\"vertical-align: inherit\"><span style=\"vertical-align: inherit\">HCM <\/span><\/span><\/strong><strong><span style=\"vertical-align: inherit\"><span style=\"vertical-align: inherit\">&#8211; <\/span><\/span><\/strong><strong><span style=\"vertical-align: inherit\"><span style=\"vertical-align: inherit\">V\u0168NG T\u00c0U &#8211; <\/span><\/span><\/strong><strong><span style=\"vertical-align: inherit\"><span style=\"vertical-align: inherit\">TEAMBUILDING \u2013 GALA DINNER (\u0102n 3 b\u1eefa)<\/span><\/span><\/strong><\/h2>\n<p><strong><u><span style=\"vertical-align: inherit\"><span style=\"vertical-align: inherit\">06h00:<\/span><\/span><\/u><\/strong><span style=\"vertical-align: inherit\"><span style=\"vertical-align: inherit\"> Xe v\u00e0<\/span><\/span><strong><span style=\"vertical-align: inherit\"><span style=\"vertical-align: inherit\"> HDV C\u00f4ng Ty du l\u1ecbch GOTADI<\/span><\/span><\/strong><span style=\"vertical-align: inherit\"><span style=\"vertical-align: inherit\"> \u0111\u00f3n kh\u00e1ch t\u1ea1i \u0111i\u1ec3m h\u1eb9n, kh\u1edfi h\u00e0nh \u0111i V\u0169ng T\u00e0u.<\/span><\/span><\/p>\n<p><strong><u><span style=\"vertical-align: inherit\"><span style=\"vertical-align: inherit\">07h00<\/span><\/span><\/u><\/strong><u><span style=\"vertical-align: inherit\"><span style=\"vertical-align: inherit\"> :<\/span><\/span><\/u><span style=\"vertical-align: inherit\"><span style=\"vertical-align: inherit\"> Qu\u00fd kh\u00e1ch d\u00f9ng \u0111i\u1ec3m t\u00e2m t\u1ea1i nh\u00e0 h\u00e0ng \u0111\u1ecba ph\u01b0\u01a1ng.<\/span><\/span><\/p>\n<p><span style=\"vertical-align: inherit\"><span style=\"vertical-align: inherit\">Ti\u1ebfp t\u1ee5c kh\u1edfi \u0111\u1ed9ng chuy\u1ebfn tham quan. Tr\u00ean \u0111\u01b0\u1eddng \u0111i \u0111o\u00e0n tham gia c\u00e1c tr\u00f2 ch\u01a1i giao l\u01b0u vui nh\u1ed9n, t\u1ea1o ra kh\u00f4ng kh\u00ed g\u1eafn k\u1ebft tr\u00ean xe.<\/span><\/span><\/p>\n<p><a href=\"https:\/\/www.gotadi.com\/services\/wp-content\/uploads\/2025\/02\/z6296210867067_816749499b8a7649e921b872e076af91.jpg\"><img loading=\"lazy\" decoding=\"async\" class=\"alignnone wp-image-4414 size-large\" src=\"https:\/\/www.gotadi.com\/services\/wp-content\/uploads\/2025\/02\/z6296210867067_816749499b8a7649e921b872e076af91-1024x683.jpg\" alt=\"\" width=\"1024\" height=\"683\" srcset=\"https:\/\/www.gotadi.com\/services\/wp-content\/uploads\/2025\/02\/z6296210867067_816749499b8a7649e921b872e076af91-1024x683.jpg 1024w, https:\/\/www.gotadi.com\/services\/wp-content\/uploads\/2025\/02\/z6296210867067_816749499b8a7649e921b872e076af91-300x200.jpg 300w, https:\/\/www.gotadi.com\/services\/wp-content\/uploads\/2025\/02\/z6296210867067_816749499b8a7649e921b872e076af91-768x512.jpg 768w, https:\/\/www.gotadi.com\/services\/wp-content\/uploads\/2025\/02\/z6296210867067_816749499b8a7649e921b872e076af91-1536x1024.jpg 1536w, https:\/\/www.gotadi.com\/services\/wp-content\/uploads\/2025\/02\/z6296210867067_816749499b8a7649e921b872e076af91-2048x1366.jpg 2048w, https:\/\/www.gotadi.com\/services\/wp-content\/uploads\/2025\/02\/z6296210867067_816749499b8a7649e921b872e076af91-600x400.jpg 600w\" sizes=\"auto, (max-width: 1024px) 100vw, 1024px\" \/><\/a><\/p>\n<p>&nbsp;<\/p>\n<p><strong><u><span style=\"vertical-align: inherit\"><span style=\"vertical-align: inherit\">10h00<\/span><\/span><\/u><\/strong><u><span style=\"vertical-align: inherit\"><span style=\"vertical-align: inherit\"> :<\/span><\/span><\/u><span style=\"vertical-align: inherit\"><span style=\"vertical-align: inherit\"> Qu\u00fd kh\u00e1ch \u0111\u1ebfn tham quan<\/span><\/span><strong><span style=\"vertical-align: inherit\"><span style=\"vertical-align: inherit\"> \u0110\u1ed3i C\u00f4n Tr\u00f9ng x\u1ee9 Ngh\u1ec7<\/span><\/span><\/strong><span style=\"vertical-align: inherit\"><span style=\"vertical-align: inherit\"> n\u01a1i \u0111\u00e2y<\/span><\/span><strong><span style=\"vertical-align: inherit\"><span style=\"vertical-align: inherit\"> kh\u00f4ng ch\u1ec9 thu h\u00fat du kh\u00e1ch \u0111\u1ebfn tham quan<\/span><\/span><\/strong><span style=\"vertical-align: inherit\"><span style=\"vertical-align: inherit\"> ch\u1ee5p h\u00ecnh v\u1edbi nh\u1eefng ch\u00fa ch\u00fa d\u1ec5 th\u01b0\u01a1ng xinh x\u1eafn<\/span><\/span><strong><span style=\"vertical-align: inherit\"><span style=\"vertical-align: inherit\"> , m\u00e0 b\u1ea1n c\u00f2n \u0111\u01b0\u1ee3c g\u1ea7n g\u0169i h\u01a1n v\u1edbi thi\u00ean nhi\u00ean.<\/span><\/span><\/strong><\/p>\n<p><strong><u><span style=\"vertical-align: inherit\"><span style=\"vertical-align: inherit\">11h30:<\/span><\/span><\/u><\/strong><span style=\"vertical-align: inherit\"><span style=\"vertical-align: inherit\"> Qu\u00fd kh\u00e1ch d\u00f9ng b\u1eefa tr\u01b0a t\u1ea1i nh\u00e0 h\u00e0ng. Sau \u0111\u00f3 v\u1ec1 kh\u00e1ch s\u1ea1n nh\u1eadn ph\u00f2ng, ngh\u1ec9 ng\u01a1i.<\/span><\/span><\/p>\n<p><strong><u><span style=\"vertical-align: inherit\"><span style=\"vertical-align: inherit\">15h30:<\/span><\/span><\/u><\/strong><span style=\"vertical-align: inherit\"><span style=\"vertical-align: inherit\"> \u0110o\u00e0n t\u1eadp trung b\u00e3i bi\u1ec3n tham gia ch\u01b0\u01a1ng tr\u00ecnh teambuilding v\u1edbi c\u00e1c tr\u00f2 ch\u01a1i v\u1eadn \u0111\u1ed9ng bi\u1ec3n:<\/span><\/span><strong><em><span style=\"vertical-align: inherit\"><span style=\"vertical-align: inherit\"> V\u01b0\u01a1n ra bi\u1ec3n l\u1edbn, chui h\u1ea7m \u0111\u1ecba \u0111\u1ea1o, T\u1ea5m th\u1ea3m \u0111\u1ed3ng \u0111\u1ed9i, k\u1eb9p b\u00f3ng ti\u1ebfp s\u1ee9c, B\u0103ng v\u1ec1 \u0111\u00edch,\u2026<\/span><\/span><\/em><\/strong><\/p>\n<p><strong><u><span style=\"vertical-align: inherit\"><span style=\"vertical-align: inherit\">18h00<\/span><\/span><\/u><\/strong><u><span style=\"vertical-align: inherit\"><span style=\"vertical-align: inherit\"> :<\/span><\/span><\/u><span style=\"vertical-align: inherit\"><span style=\"vertical-align: inherit\"> Qu\u00fd kh\u00e1ch d\u00f9ng c\u01a1m t\u1ed1i v\u00e0 tham gia ch\u01b0\u01a1ng tr\u00ecnh<\/span><\/span><strong><em><span style=\"vertical-align: inherit\"><span style=\"vertical-align: inherit\"> Gala \u0102n t\u1ed1i \u201c\u0110\u00eam K\u1ebft N\u1ed1i\u201d.<\/span><\/span><\/em><\/strong><span style=\"vertical-align: inherit\"><span style=\"vertical-align: inherit\"> T\u1ed5ng k\u1ebft l\u1ea1i chuy\u1ebfn \u0111i v\u00e0 tham gia c\u00e1c tr\u00f2 ch\u01a1i s\u00e2n kh\u1ea5u vui nh\u1ed9n c\u0169ng nh\u01b0 c\u00e1c ti\u1ebft m\u1ee5c ca h\u00e1t do ch\u00ednh c\u00e1c th\u00e0nh vi\u00ean trong \u0111o\u00e0n th\u1ec3 hi\u1ec7n.<\/span><\/span><\/p>\n<p><strong><u><span style=\"vertical-align: inherit\"><span style=\"vertical-align: inherit\">21h30:<\/span><\/span><\/u><\/strong><span style=\"vertical-align: inherit\"><span style=\"vertical-align: inherit\"> K\u1ebft th\u00fac ch\u01b0\u01a1ng tr\u00ecnh, qu\u00fd kh\u00e1ch t\u1ef1 do \u0111i d\u1ea1o bi\u1ec3n v\u1ec1 \u0111\u00eam.<\/span><\/span><\/p>\n<h2 id=\"ngay-2-vung-tau-robert-taylorb-tp-ho-chi-minh-an-2-bua\"><strong><span style=\"vertical-align: inherit\"><span style=\"vertical-align: inherit\">NG\u00c0Y 2: <\/span><\/span><\/strong><strong><span style=\"vertical-align: inherit\"><span style=\"vertical-align: inherit\">V\u0168NG T\u00c0U \u2013 ROBERT TAYLORB <\/span><\/span><\/strong><strong><span style=\"vertical-align: inherit\"><span style=\"vertical-align: inherit\">&#8211; TP. H\u1ed2 CH\u00cd MINH<\/span><\/span><\/strong><span style=\"vertical-align: inherit\"><span style=\"vertical-align: inherit\"> \u00a0 ( <\/span><\/span><strong><span style=\"vertical-align: inherit\"><span style=\"vertical-align: inherit\">\u0102n 2 b\u1eefa)<\/span><\/span><\/strong><\/h2>\n<p><strong><u><span style=\"vertical-align: inherit\"><span style=\"vertical-align: inherit\">Bu\u1ed5i s\u00e1ng<\/span><\/span><\/u><\/strong><span style=\"vertical-align: inherit\"><span style=\"vertical-align: inherit\"> :Qu\u00fd kh\u00e1ch d\u00f9ng buffet s\u00e1ng t\u1ea1i nh\u00e0 h\u00e0ng.<\/span><\/span><\/p>\n<p><span style=\"vertical-align: inherit\"><span style=\"vertical-align: inherit\">Sau \u0111\u00f3, Qu\u00fd kh\u00e1ch l\u00e0m th\u1ee7 t\u1ee5c ti\u1ebfp t\u1ee5c tr\u1ea3 ph\u00f2ng.Xe \u0111\u01b0a \u0111o\u00e0n tham quan:<\/span><\/span><\/p>\n<ul>\n<li><span style=\"vertical-align: inherit\"><span style=\"vertical-align: inherit\">Tham quan<\/span><\/span><strong><span style=\"vertical-align: inherit\"><span style=\"vertical-align: inherit\"> B\u1ea3o t\u00e0ng v\u0169 kh\u00ed c\u1ed5 Robert Taylor V\u0169ng T\u00e0u<\/span><\/span><\/strong><\/li>\n<li><span style=\"vertical-align: inherit\"><span style=\"vertical-align: inherit\">Ch\u1ee5p h\u00ecnh t\u1ea1i<\/span><\/span><strong><span style=\"vertical-align: inherit\"><span style=\"vertical-align: inherit\"> M\u0169i Nghinh Phong.<\/span><\/span><\/strong><\/li>\n<\/ul>\n<p><a href=\"https:\/\/www.gotadi.com\/services\/wp-content\/uploads\/2025\/02\/0241_Bao_tang_vu_khi_co_Taylor_10.jpg\"><img loading=\"lazy\" decoding=\"async\" class=\"alignnone wp-image-4431 size-full\" src=\"https:\/\/www.gotadi.com\/services\/wp-content\/uploads\/2025\/02\/0241_Bao_tang_vu_khi_co_Taylor_10.jpg\" alt=\"\" width=\"900\" height=\"675\" srcset=\"https:\/\/www.gotadi.com\/services\/wp-content\/uploads\/2025\/02\/0241_Bao_tang_vu_khi_co_Taylor_10.jpg 900w, https:\/\/www.gotadi.com\/services\/wp-content\/uploads\/2025\/02\/0241_Bao_tang_vu_khi_co_Taylor_10-300x225.jpg 300w, https:\/\/www.gotadi.com\/services\/wp-content\/uploads\/2025\/02\/0241_Bao_tang_vu_khi_co_Taylor_10-768x576.jpg 768w, https:\/\/www.gotadi.com\/services\/wp-content\/uploads\/2025\/02\/0241_Bao_tang_vu_khi_co_Taylor_10-600x450.jpg 600w\" sizes=\"auto, (max-width: 900px) 100vw, 900px\" \/><\/a><\/p>\n<p><span style=\"vertical-align: inherit\"><span style=\"vertical-align: inherit\">Sau \u0111\u00f3, bu\u1ed5i d\u00f9ng b\u1eefa tr\u01b0a t\u1ea1i nh\u00e0 h\u00e0ng \u0111\u1ecba ph\u01b0\u01a1ng v\u00e0 \u0111o\u00e0n kh\u1edfi \u0111\u1ed9ng v\u1ec1 <\/span><\/span><strong><span style=\"vertical-align: inherit\"><span style=\"vertical-align: inherit\">TP. HCM<\/span><\/span><\/strong><span style=\"vertical-align: inherit\"><span style=\"vertical-align: inherit\"> , tr\u00ean \u0111\u01b0\u1eddng v\u1ec1 Mua s\u1eafm \u0111\u1eb7c s\u1ea3n Long Th\u00e0nh.<\/span><\/span><\/p>\n<p><strong><u><span style=\"vertical-align: inherit\"><span style=\"vertical-align: inherit\">17h00:<\/span><\/span><\/u><\/strong><span style=\"vertical-align: inherit\"><span style=\"vertical-align: inherit\"> V\u1ec1 \u0111\u1ebfn \u0111i\u1ec3m t\u1eadp trung ban \u0111\u1ea7u. K\u1ebft th\u00fac ch\u01b0\u01a1ng tr\u00ecnh, chia tay v\u00e0 h\u1eb9n g\u1eb7p l\u1ea1i qu\u00fd kh\u00e1ch.<\/span><\/span><\/p>\n<h2 id=\"gia-tour-bao-gom\"><strong><span style=\"vertical-align: inherit\"><span style=\"vertical-align: inherit\">GI\u00c1 TOUR B\u1ea2O G\u1ed2M:<\/span><\/span><\/strong><\/h2>\n<ul>\n<li><span style=\"vertical-align: inherit\"><span style=\"vertical-align: inherit\">Xe du l\u1ecbch \u0111\u1eddi m\u1edbi c\u00f3 m\u00e1y l\u1ea1nh, \u0111\u01b0a \u0111\u00f3n kh\u00e1ch \u0111i theo ch\u01b0\u01a1ng tr\u00ecnh.<\/span><\/span><\/li>\n<li><span style=\"vertical-align: inherit\"><span style=\"vertical-align: inherit\">Kh\u00e1ch s\u1ea1n 3 sao t\u1ea1i V\u0169ng T\u00e0u (2-3 ng\u01b0\u1eddi\/ph\u00f2ng), bao g\u1ed3m \u0103n s\u00e1ng.<\/span><\/span><\/li>\n<li><span style=\"vertical-align: inherit\"><span style=\"vertical-align: inherit\">\u0102n u\u1ed1ng theo ch\u01b0\u01a1ng tr\u00ecnh<\/span><\/span><\/li>\n<li><span style=\"vertical-align: inherit\"><span style=\"vertical-align: inherit\">H\u01b0\u1edbng d\u1eabn vi\u00ean nhi\u1ec7t t\u00ecnh, vui v\u1ebb, ph\u1ee5c v\u1ee5 chuy\u00ean nghi\u1ec7p.<\/span><\/span><\/li>\n<li><span style=\"vertical-align: inherit\"><span style=\"vertical-align: inherit\">B\u1ea3o hi\u1ec3m du l\u1ecbch : m\u1ee9c b\u1ed3i th\u01b0\u1eddng 100.000.000 \u0111\/ kh\u00e1ch.<\/span><\/span><\/li>\n<li><span style=\"vertical-align: inherit\"><span style=\"vertical-align: inherit\">V\u00e9 tham quan c\u00e1c \u0111i\u1ec3m trong ch\u01b0\u01a1ng tr\u00ecnh.<\/span><\/span><\/li>\n<li><span style=\"vertical-align: inherit\"><span style=\"vertical-align: inherit\">N\u01b0\u1edbc d\u1ed3i d\u00e0o (1 chai\/ kh\u00e1ch\/ ng\u00e0y) ; kh\u0103n l\u1ea1nh (1 c\u00e1i\/ kh\u00e1ch\/ ng\u00e0y).<\/span><\/span><\/li>\n<li><span style=\"vertical-align: inherit\"><span style=\"vertical-align: inherit\">H\u00f3a \u0111\u01a1n gi\u00e1 tr\u1ecb gia t\u0103ng VAT<\/span><\/span><\/li>\n<\/ul>\n<h2 id=\"khong-bao-gom\"><strong><span style=\"vertical-align: inherit\"><span style=\"vertical-align: inherit\">KH\u00d4NG BAO G\u1ed2M:<\/span><\/span><\/strong><\/h2>\n<ul>\n<li><span style=\"vertical-align: inherit\"><span style=\"vertical-align: inherit\">Chi ph\u00ed ti\u1ebft ki\u1ec7m, c\u00e1c chi ph\u00ed ph\u00e1t sinh kh\u00e1c.<\/span><\/span><\/li>\n<li><span style=\"vertical-align: inherit\"><span style=\"vertical-align: inherit\">Ch\u01b0\u01a1ng tr\u00ecnh Gala T\u1ed1i: S\u00e2n kh\u1ea5u, \u00e2m thanh, \u00e1nh s\u00e1ng, MC, tr\u00f2 ch\u01a1i qu\u00e0 t\u1eb7ng<\/span><\/span><\/li>\n<li><span style=\"vertical-align: inherit\"><span style=\"vertical-align: inherit\">Ch\u01b0\u01a1ng tr\u00ecnh teambuilding<\/span><\/span><\/li>\n<li><span style=\"vertical-align: inherit\"><span style=\"vertical-align: inherit\">su\u1ea5t \u0103n gala dinner.<\/span><\/span><\/li>\n<li><span style=\"vertical-align: inherit\"><span style=\"vertical-align: inherit\">\u0102n u\u1ed1ng ngo\u00e0i ch\u01b0\u01a1ng tr\u00ecnh tham quan.<\/span><\/span><\/li>\n<li><span style=\"vertical-align: inherit\"><span style=\"vertical-align: inherit\">Tip ti\u1ec1n cho t\u00e0i x\u1ebf v\u00e0 HDV.<\/span><\/span><\/li>\n<\/ul>\n<h2 id=\"qui-dinh-tre-em\"><strong><span style=\"vertical-align: inherit\"><span style=\"vertical-align: inherit\">QUI \u0110\u1ecaNH TR\u1eba EM<\/span><\/span><\/strong><\/h2>\n<ul>\n<li><span style=\"vertical-align: inherit\"><span style=\"vertical-align: inherit\">Tr\u1ebb em d\u01b0\u1edbi 5 tu\u1ed5i : mi\u1ec5n ph\u00ed (b\u00e9 ng\u1ee7 chung gi\u01b0\u1eddng v\u1edbi B\u1ed1 M\u1eb9).<\/span><\/span><\/li>\n<li><span style=\"vertical-align: inherit\"><span style=\"vertical-align: inherit\">Tr\u1ebb em t\u1eeb 5 \u0111\u1ebfn d\u01b0\u1edbi 10 tu\u1ed5i : 50% gi\u00e1 ng\u01b0\u1eddi l\u1edbn (c\u00f3 ng\u1ed3i ; th\u1ef1c \u0103n ; ng\u1ee7 c\u00f9ng v\u1edbi B\u1ed1 m\u1eb9).<\/span><\/span><\/li>\n<li><span style=\"vertical-align: inherit\"><span style=\"vertical-align: inherit\">Tr\u1ebb em t\u1eeb 11 tu\u1ed5i tr\u1edf l\u00ean : 100% gi\u00e1 nh\u01b0 ng\u01b0\u1eddi l\u1edbn<\/span><\/span><\/li>\n<\/ul>\n<h2 id=\"chu-y-quy-khach-mot-chuyen-di-vui-ve\"><em><strong><span style=\"vertical-align: inherit\"><span style=\"vertical-align: inherit\">Ch\u00fa \u00fd QU\u00dd KH\u00c1CH M\u1ed8T CHUY\u1ebeN \u0110I VUI V\u1eba!<\/span><\/span><\/strong><\/em><\/h2>\n","protected":false},"excerpt":{"rendered":"<p>NG\u00c0Y 1: HCM &#8211; V\u0168NG T\u00c0U &#8211; TEAMBUILDING \u2013 GALA DINNER (\u0102n 3 b\u1eefa) 06h00: Xe v\u00e0 HDV C\u00f4ng Ty du l\u1ecbch GOTADI \u0111\u00f3n kh\u00e1ch t\u1ea1i \u0111i\u1ec3m h\u1eb9n, kh\u1edfi h\u00e0nh \u0111i V\u0169ng T\u00e0u. 07h00 : Qu\u00fd kh\u00e1ch d\u00f9ng \u0111i\u1ec3m t\u00e2m t\u1ea1i nh\u00e0 h\u00e0ng \u0111\u1ecba ph\u01b0\u01a1ng. Ti\u1ebfp t\u1ee5c kh\u1edfi \u0111\u1ed9ng chuy\u1ebfn tham quan. Tr\u00ean \u0111\u01b0\u1eddng \u0111i&#8230;<\/p>\n","protected":false},"featured_media":4428,"comment_status":"open","ping_status":"closed","template":"","meta":{"_acf_changed":false},"product_cat":[15,195,194,192],"product_tag":[],"class_list":{"0":"post-4426","1":"product","2":"type-product","3":"status-publish","4":"has-post-thumbnail","6":"product_cat-tat-ca-tour","7":"product_cat-gala-dinner","8":"product_cat-teambuilding","9":"product_cat-tour-tron-goi","11":"first","12":"instock","13":"sale","14":"shipping-taxable","15":"purchasable","16":"product-type-simple"},"acf":[],"_links":{"self":[{"href":"https:\/\/www.gotadi.com\/services\/wp-json\/wp\/v2\/product\/4426","targetHints":{"allow":["GET"]}}],"collection":[{"href":"https:\/\/www.gotadi.com\/services\/wp-json\/wp\/v2\/product"}],"about":[{"href":"https:\/\/www.gotadi.com\/services\/wp-json\/wp\/v2\/types\/product"}],"replies":[{"embeddable":true,"href":"https:\/\/www.gotadi.com\/services\/wp-json\/wp\/v2\/comments?post=4426"}],"wp:featuredmedia":[{"embeddable":true,"href":"https:\/\/www.gotadi.com\/services\/wp-json\/wp\/v2\/media\/4428"}],"wp:attachment":[{"href":"https:\/\/www.gotadi.com\/services\/wp-json\/wp\/v2\/media?parent=4426"}],"wp:term":[{"taxonomy":"product_cat","embeddable":true,"href":"https:\/\/www.gotadi.com\/services\/wp-json\/wp\/v2\/product_cat?post=4426"},{"taxonomy":"product_tag","embeddable":true,"href":"https:\/\/www.gotadi.com\/services\/wp-json\/wp\/v2\/product_tag?post=4426"}],"curies":[{"name":"wp","href":"https:\/\/api.w.org\/{rel}","templated":true}]}}