{"id":4455,"date":"2025-02-11T16:07:24","date_gmt":"2025-02-11T09:07:24","guid":{"rendered":"https:\/\/www.gotadi.com\/services\/?post_type=product&#038;p=4455"},"modified":"2026-04-21T22:56:49","modified_gmt":"2026-04-21T15:56:49","slug":"tour-quy-nhon-3-ngay-4-dem-teambuilding-gala-dinner","status":"publish","type":"product","link":"https:\/\/www.gotadi.com\/services\/tour-quy-nhon-3-ngay-4-dem-teambuilding-gala-dinner\/","title":{"rendered":"TOUR QUY NH\u01a0N 3 NG\u00c0Y 4 \u0110\u00caM &#8211; TEAMBUILDING &#8211; GALA DINNER"},"content":{"rendered":"<h4><strong><em>D\u00f9 ch\u01b0a ph\u1ea3i l\u00e0 c\u00e1i t\u00ean ph\u1ed5 bi\u1ebfn tr\u00ean b\u1ea3n \u0111\u1ed3 du l\u1ecbch Vi\u1ec7t Nam nh\u01b0ng ai m\u1ed9t l\u1ea7n \u0111\u1eb7t ch\u00e2n \u0111\u1ebfn Quy Nh\u01a1n th\u00ec kh\u00f3 l\u00f2ng m\u00e0 qu\u00ean:<\/em><\/strong><\/h4>\n<h4><strong><em>M\u1ed9t Quy Nh\u01a1n ghi d\u1ea5u ri\u00eang trong l\u00f2ng du kh\u00e1ch b\u1edfi nh\u1eefng c\u00e2u chuy\u1ec7n mang \u0111\u1ea7y m\u00e0u s\u1eafc huy\u1ec1n tho\u1ea1i v\u00e0 b\u00ed \u1ea9n v\u1ec1 mi\u1ec1n \u0111\u1ea5t \u0111\u1ebf \u0111\u00f4 c\u1ee7a V\u01b0\u01a1ng qu\u1ed1c Ch\u0103m-pa vang danh m\u1ed9t th\u1eddi, b\u1edfi v\u1ebb \u0111\u1eb9p hoang s\u01a1 r\u1ef1c r\u1ee1 c\u1ee7a thi\u00ean nhi\u00ean th\u00e0nh ph\u1ed1 bi\u1ec3n.<\/em><\/strong><\/h4>\n<h4><strong><em>H\u00e0nh tr\u00ecnh Quy Nh\u01a1n \u2013 B\u00ecnh \u0110\u1ecanh \u1ea9n ch\u1ee9a v\u00f4 v\u00e0n \u0111i\u1ec1u k\u1ef3 th\u00fa \u0111ang ch\u00e0o \u0111\u00f3n b\u01b0\u1edbc ch\u00e2n du kh\u00e1ch gh\u00e9 th\u0103m v\u00e0 kh\u00e1m ph\u00e1.<\/em><\/strong><\/h4>\n<h2 id=\"ngay-0-tp-ho-chi-minh-quy-nhon\"><span data-text-color=\"success\"><strong>NG\u00c0Y 0:\u00a0 TP. H\u1ed2 CH\u00cd MINH &#8211;<\/strong> <strong>QUY NH\u01a0N <\/strong><\/span><\/h2>\n<p><strong>T\u1ed1i ng\u00e0y 0:<\/strong> Xe v\u00e0 HDV \u0111\u00f3n kh\u00e1ch t\u1ea1i \u0111i\u1ec3m h\u1eb9n, kh\u1edfi h\u00e0nh \u0111i Quy Nh\u01a1n<\/p>\n<p>Qu\u00fd kh\u00e1ch ngh\u1ec9 \u0111\u00eam tr\u00ean xe<\/p>\n<p>&nbsp;<\/p>\n<h2 id=\"ngay-1-kham-pha-quy-nhon-tham-quan-teambuilding-an-3-bua\"><span data-text-color=\"success\"><strong>NG\u00c0Y 1:\u00a0 KH\u00c1M PH\u00c1 QUY NH\u01a0N \u2013 THAM QUAN\u00a0 (TEAMBUILDING) &#8211; \u0102N 3 B\u1eeeA<\/strong><\/span><\/h2>\n<p><strong>S\u00e1ng:<\/strong> Qu\u00fd kh\u00e1ch d\u1eebng ch\u00e2n t\u1ea1i tr\u1ea1m d\u1eebng ngh\u1ec9, v\u1ec7 sinh c\u00e1 nh\u00e2n, \u0103n s\u00e1ng, ti\u1ebfp t\u1ee5c h\u00e0nh tr\u00ecnh \u0111\u1ebfn Quy Nh\u01a1n<\/p>\n<p><strong>Tr\u01b0a:<\/strong> Qu\u00fd kh\u00e1ch \u0103n tr\u01b0a t\u1ea1i nh\u00e0 h\u00e0ng \u0111\u1ecba ph\u01b0\u01a1ng, sau \u0111\u00f3 v\u1ec1 nh\u1eadn ph\u00f2ng ngh\u1ec9 ng\u01a1i t\u1ea1i kh\u00e1ch s\u1ea1n<\/p>\n<p><strong>Chi\u1ec1u:<\/strong> \u0111o\u00e0n ch\u1ecdn 1 trong 2 option:<\/p>\n<p>+ <strong>L\u1ef1a ch\u1ecdn 1<\/strong>: \u0110o\u00e0n di chuy\u1ec3n tham quan khu v\u1ef1c Quy Nh\u01a1n:<\/p>\n<p>&#8211; <strong>KDL Gh\u1ec1nh R\u00e1ng \u2013 Ti\u00ean Sa<\/strong>: Khi gh\u00e9 th\u0103m khu du l\u1ecbch Gh\u1ec1nh R\u00e1ng, b\u1ea1n kh\u00f4ng n\u00ean b\u1ecf l\u1ee1 \u0111\u1ed3i Thi Nh\u00e2n, n\u01a1i t\u1ecda l\u1ea1c m\u1ed9 ph\u1ea7n c\u1ee7a nh\u00e0 th\u01a1 H\u00e0n M\u1eb7c T\u1eed \u2013 m\u1ed9t t\u00e0i n\u0103ng xu\u1ea5t ch\u00fang nh\u01b0ng b\u1ea1c m\u1ec7nh, ng\u01b0\u1eddi \u0111\u00e3 \u0111\u1ec3 l\u1ea1i nh\u1eefng v\u1ea7n th\u01a1 t\u00ecnh b\u1ea5t h\u1ee7. Trong nh\u1eefng n\u0103m cu\u1ed1i \u0111\u1eddi, H\u00e0n M\u1eb7c T\u1eed ph\u1ea3i ch\u1ecbu \u0111\u1ef1ng n\u1ed7i \u0111au t\u1eeb c\u0103n b\u1ec7nh phong qu\u00e1i \u00e1c t\u1ea1i tr\u1ea1i phong Quy H\u00f2a, B\u00ecnh \u0110\u1ecbnh. Sau khi \u00f4ng qua \u0111\u1eddi, ng\u00f4i m\u1ed9 t\u01b0\u1edfng nh\u1edb \u0111\u01b0\u1ee3c.<\/p>\n<p>&#8211; <strong>Khu Th\u1eafng c\u1ea3nh Quy H\u00f2a<\/strong>: Nh\u00e0 l\u01b0u ni\u1ec7m H\u00e0n M\u1ea1c T\u1eed; V\u01b0\u1eddn t\u01b0\u1ee3ng Danh nh\u00e2n Th\u1ebf Gi\u1edbi, Bi\u1ec3n Quy H\u00f2a.<\/p>\n<p><a href=\"https:\/\/www.gotadi.com\/services\/wp-content\/uploads\/2025\/02\/bai-tam-hoang-hau.jpg\"><img loading=\"lazy\" decoding=\"async\" class=\"alignnone size-full wp-image-4634\" src=\"https:\/\/www.gotadi.com\/services\/wp-content\/uploads\/2025\/02\/bai-tam-hoang-hau.jpg\" alt=\"\" width=\"1024\" height=\"682\" srcset=\"https:\/\/www.gotadi.com\/services\/wp-content\/uploads\/2025\/02\/bai-tam-hoang-hau.jpg 1024w, https:\/\/www.gotadi.com\/services\/wp-content\/uploads\/2025\/02\/bai-tam-hoang-hau-300x200.jpg 300w, https:\/\/www.gotadi.com\/services\/wp-content\/uploads\/2025\/02\/bai-tam-hoang-hau-768x512.jpg 768w, https:\/\/www.gotadi.com\/services\/wp-content\/uploads\/2025\/02\/bai-tam-hoang-hau-600x400.jpg 600w\" sizes=\"auto, (max-width: 1024px) 100vw, 1024px\" \/><\/a><\/p>\n<p>+ <strong>L\u1ef1a ch\u1ecdn 2<\/strong>: \u0110o\u00e0n tham gia team building t\u1ea1i b\u00e3i bi\u1ec3n do Gotadi t\u1ed5 ch\u1ee9c, h\u00f2a m\u00ecnh v\u00e0o c\u00e1c tr\u00f2 ch\u01a1i vui nh\u1ed9n, g\u1eafn k\u1ebft t\u00ecnh \u0111\u1ed3ng \u0111\u1ed9i.<\/p>\n<p><a href=\"https:\/\/www.gotadi.com\/services\/wp-content\/uploads\/2025\/02\/z5914483624661_8605164af86029f7dd1c0db43b59d142.jpg\"><img loading=\"lazy\" decoding=\"async\" class=\"alignnone size-large wp-image-4623\" src=\"https:\/\/www.gotadi.com\/services\/wp-content\/uploads\/2025\/02\/z5914483624661_8605164af86029f7dd1c0db43b59d142-1024x576.jpg\" alt=\"\" width=\"1020\" height=\"574\" srcset=\"https:\/\/www.gotadi.com\/services\/wp-content\/uploads\/2025\/02\/z5914483624661_8605164af86029f7dd1c0db43b59d142-1024x576.jpg 1024w, https:\/\/www.gotadi.com\/services\/wp-content\/uploads\/2025\/02\/z5914483624661_8605164af86029f7dd1c0db43b59d142-300x169.jpg 300w, https:\/\/www.gotadi.com\/services\/wp-content\/uploads\/2025\/02\/z5914483624661_8605164af86029f7dd1c0db43b59d142-768x432.jpg 768w, https:\/\/www.gotadi.com\/services\/wp-content\/uploads\/2025\/02\/z5914483624661_8605164af86029f7dd1c0db43b59d142-600x338.jpg 600w, https:\/\/www.gotadi.com\/services\/wp-content\/uploads\/2025\/02\/z5914483624661_8605164af86029f7dd1c0db43b59d142.jpg 1280w\" sizes=\"auto, (max-width: 1020px) 100vw, 1020px\" \/><\/a><\/p>\n<p><strong>T\u1ed1i:<\/strong> \u0110o\u00e0n \u0103n t\u1ed1i t\u1ea1i nh\u00e0 h\u00e0ng \u0111\u1ecba ph\u01b0\u01a1ng, th\u01b0\u1edfng th\u1ee9c \u0111\u1eb7c s\u1ea3n Quy Nh\u01a1n sau \u0111\u00f3 t\u1ef1 do v\u1ec1 \u0111\u00eam<\/p>\n<p>&nbsp;<\/p>\n<h2 id=\"ngay-2-quy-nhon-ky-co-eo-gio-doi-cat-phuong-mai-an-3-bua\"><span data-text-color=\"success\"><strong>NG\u00c0Y 2:\u00a0 QUY NH\u01a0N \u2013 K\u1ef2 CO \u2013 EO GI\u00d3 \u2013 \u0110\u1ed2I C\u00c1T PH\u01af\u01a0NG MAI\u00a0 &#8211;\u00a0 \u0102N 3 B\u1eeeA<\/strong><\/span><\/h2>\n<p><strong>S\u00e1ng:<\/strong> Qu\u00fd kh\u00e1ch d\u00f9ng b\u1eefa s\u00e1ng t\u1ea1i kh\u00e1ch s\u1ea1n, sau \u0111\u00f3 l\u00ean cano si\u00eau t\u1ed1c \u0111\u1ebfn B\u00e3i t\u1eafm K\u1ef3 Co tham quan:<\/p>\n<p>Qu\u00fd kh\u00e1ch s\u1ebd \u0111\u01b0\u1ee3c \u0111i Cano \u0111\u1ebfn B\u00e3i t\u1eafm K\u1ef3 Co \u2013 m\u1ed9t b\u00e3i bi\u1ec3n c\u00f2n gi\u1eef \u0111\u01b0\u1ee3c v\u1ebb \u0111\u1eb9p hoang s\u01a1, trong l\u00e0nh. T\u1ea1i \u0111\u00e2y, qu\u00fd kh\u00e1ch s\u1ebd t\u1eadn h\u01b0\u1edfng khung c\u1ea3nh thi\u00ean nhi\u00ean tuy\u1ec7t m\u1ef9, \u0111\u1ee7 s\u1ee9c l\u00e0m say \u0111\u1eafm l\u00f2ng ng\u01b0\u1eddi. V\u1edbi l\u00e0n n\u01b0\u1edbc trong xanh, b\u00e3i c\u00e1t tr\u1eafng m\u1ecbn tr\u1ea3i d\u00e0i, c\u00f9ng nh\u1eefng con s\u00f3ng d\u1ecbu \u00eam, K\u1ef3 Co \u0111\u00e3 tr\u1edf th\u00e0nh \u0111i\u1ec3m \u0111\u1ebfn l\u00fd t\u01b0\u1edfng thu h\u00fat \u0111\u00f4ng \u0111\u1ea3o du kh\u00e1ch trong th\u1eddi gian g\u1ea7n \u0111\u00e2y. (T\u1eb7ng k\u00e8m v\u00e9 xem xi\u1ebfc h\u1ea3i c\u1ea9u.)<\/p>\n<p><a href=\"https:\/\/www.gotadi.com\/services\/wp-content\/uploads\/2025\/02\/139323378_3744083089003838_6451170830954545280_n.jpg\"><img loading=\"lazy\" decoding=\"async\" class=\"alignnone size-large wp-image-4635\" src=\"https:\/\/www.gotadi.com\/services\/wp-content\/uploads\/2025\/02\/139323378_3744083089003838_6451170830954545280_n-1024x766.jpg\" alt=\"\" width=\"1020\" height=\"763\" srcset=\"https:\/\/www.gotadi.com\/services\/wp-content\/uploads\/2025\/02\/139323378_3744083089003838_6451170830954545280_n-1024x766.jpg 1024w, https:\/\/www.gotadi.com\/services\/wp-content\/uploads\/2025\/02\/139323378_3744083089003838_6451170830954545280_n-300x224.jpg 300w, https:\/\/www.gotadi.com\/services\/wp-content\/uploads\/2025\/02\/139323378_3744083089003838_6451170830954545280_n-768x575.jpg 768w, https:\/\/www.gotadi.com\/services\/wp-content\/uploads\/2025\/02\/139323378_3744083089003838_6451170830954545280_n-600x449.jpg 600w, https:\/\/www.gotadi.com\/services\/wp-content\/uploads\/2025\/02\/139323378_3744083089003838_6451170830954545280_n.jpg 1080w\" sizes=\"auto, (max-width: 1020px) 100vw, 1020px\" \/><\/a><\/p>\n<p>Ngo\u00e0i vi\u1ec7c t\u1eafm bi\u1ec3n v\u00e0 vui ch\u01a1i, qu\u00fd kh\u00e1ch c\u00f2n c\u00f3 th\u1ec3 tham gia c\u00e1c tr\u00f2 ch\u01a1i m\u1ea1o hi\u1ec3m \u0111\u1ea7y th\u00fa v\u1ecb (chi ph\u00ed t\u1ef1 t\u00fac). Sau \u0111\u00f3, Cano c\u00f9ng h\u01b0\u1edbng d\u1eabn vi\u00ean s\u1ebd \u0111\u01b0a qu\u00fd kh\u00e1ch \u0111\u1ebfn B\u00e3i San H\u00f4 \u0111\u1ec3 l\u1eb7n ng\u1eafm nh\u1eefng r\u1ea1n san h\u00f4 t\u1ef1 nhi\u00ean tuy\u1ec7t \u0111\u1eb9p v\u00e0 chi\u00eam ng\u01b0\u1ee1ng h\u00e0ng tr\u0103m lo\u00e0i c\u00e1 \u0111\u1ea7y m\u00e0u s\u1eafc \u0111ang tung t\u0103ng b\u01a1i l\u1ed9i. 12h00: Qu\u00fd kh\u00e1ch s\u1ebd th\u01b0\u1edfng th\u1ee9c b\u1eefa tr\u01b0a v\u1edbi c\u00e1c m\u00f3n h\u1ea3i s\u1ea3n t\u01b0\u01a1i ngon, \u0111\u01b0\u1ee3c ch\u1ebf bi\u1ebfn t\u1eeb nh\u1eefng nguy\u00ean li\u1ec7u do ng\u01b0\u1eddi d\u00e2n l\u00e0ng ch\u00e0i v\u1eeba \u0111\u00e1nh b\u1eaft, mang \u0111\u1ebfn h\u01b0\u01a1ng v\u1ecb \u0111\u1eb7c tr\u01b0ng kh\u00f3 qu\u00ean.<\/p>\n<p><strong>Tr\u01b0a + chi\u1ec1u:<\/strong> Qu\u00fd kh\u00e1ch s\u1ebd th\u01b0\u1edfng th\u1ee9c b\u1eefa tr\u01b0a v\u1edbi c\u00e1c m\u00f3n h\u1ea3i s\u1ea3n t\u01b0\u01a1i ngon, \u0111\u01b0\u1ee3c ch\u1ebf bi\u1ebfn t\u1eeb nh\u1eefng nguy\u00ean li\u1ec7u do ng\u01b0\u1eddi d\u00e2n l\u00e0ng ch\u00e0i v\u1eeba \u0111\u00e1nh b\u1eaft, mang \u0111\u1ebfn h\u01b0\u01a1ng v\u1ecb \u0111\u1eb7c tr\u01b0ng kh\u00f3 qu\u00ean., sau \u0111\u00f3 ti\u1ebfp t\u1ee5c tham quan:<\/p>\n<p><strong>+ Vi\u1ebfng T\u1ecbnh x\u00e1 Ng\u1ecdc H\u00f2a: <\/strong>N\u01a1i n\u1ed5i b\u1eadt v\u1edbi pho t\u01b0\u1ee3ng \u0111\u00f4i Quan Th\u1ebf \u00c2m cao nh\u1ea5t Vi\u1ec7t Nam, cao \u0111\u1ebfn 30 m\u00e9t, mang v\u1ebb uy nghi\u00eam v\u00e0 linh thi\u00eang.<\/p>\n<p><strong>+ Tham quan Eo Gi\u00f3: <\/strong>M\u1ed9t gh\u1ec1nh \u0111\u00e1 quanh n\u0103m \u0111\u00f3n nh\u1eefng c\u01a1n gi\u00f3 m\u00e1t l\u00e0nh. T\u1eeb tr\u00ean Eo Gi\u00f3, qu\u00fd kh\u00e1ch c\u00f3 th\u1ec3 ph\u00f3ng t\u1ea7m m\u1eaft ra xa \u0111\u1ec3 chi\u00eam ng\u01b0\u1ee1ng to\u00e0n c\u1ea3nh v\u00f9ng bi\u1ec3n bao la, r\u1ed9ng l\u1edbn v\u00e0 tuy\u1ec7t \u0111\u1eb9p, khi\u1ebfn l\u00f2ng ng\u01b0\u1eddi kh\u00f4ng kh\u1ecfi \u0111\u1eafm say. \u0110\u00e2y c\u0169ng ch\u00ednh l\u00e0 n\u01a1i ng\u1eafm ho\u00e0ng h\u00f4n \u0111\u1eb9p nh\u1ea5t Vi\u1ec7t Nam, mang l\u1ea1i tr\u1ea3i nghi\u1ec7m kh\u00f3 qu\u00ean cho du kh\u00e1ch.<\/p>\n<p><strong>+ \u0110\u1ed3i c\u00e1t mai ph\u01b0\u01a1ng: <\/strong>N\u01a1i \u0111\u00e2y l\u00e0 m\u1ed9t trong nh\u1eefng \u0111\u1ed3i c\u00e1t \u0111\u1eb9p nh\u1ea5t B\u00ecnh \u0110\u1ecbnh, n\u1ed5i b\u1eadt v\u1edbi nh\u1eefng d\u00e3y c\u1ed3n c\u00e1t cao t\u1eeb 20-30m, th\u1eadm ch\u00ed c\u00f3 n\u01a1i l\u00ean \u0111\u1ebfn 100m. Du kh\u00e1ch c\u00f3 th\u1ec3 th\u1ecfa s\u1ee9c leo tr\u00e8o, chinh ph\u1ee5c \u0111\u1ec9nh c\u00e1t v\u00e0 t\u1eadn h\u01b0\u1edfng tr\u1ea3i nghi\u1ec7m \u0111\u1ed9c \u0111\u00e1o t\u1ea1i \u0111\u1ecba \u0111i\u1ec3m tuy\u1ec7t v\u1eddi n\u00e0y.<\/p>\n<p><strong>T\u1ed1i:<\/strong> \u0111o\u00e0n \u0103n t\u1ed1i t\u1ea1i nh\u00e0 h\u00e0ng \u0111\u1ecba ph\u01b0\u01a1ng, t\u1ef1 do kh\u00e1m ph\u00e1 Quy Nh\u01a1n v\u1ec1 \u0111\u00eam<\/p>\n<p><a href=\"https:\/\/www.gotadi.com\/services\/wp-content\/uploads\/2025\/02\/eo-gio-1024x768-1.jpg\"><img loading=\"lazy\" decoding=\"async\" class=\"alignnone size-full wp-image-4636\" src=\"https:\/\/www.gotadi.com\/services\/wp-content\/uploads\/2025\/02\/eo-gio-1024x768-1.jpg\" alt=\"\" width=\"1024\" height=\"768\" srcset=\"https:\/\/www.gotadi.com\/services\/wp-content\/uploads\/2025\/02\/eo-gio-1024x768-1.jpg 1024w, https:\/\/www.gotadi.com\/services\/wp-content\/uploads\/2025\/02\/eo-gio-1024x768-1-300x225.jpg 300w, https:\/\/www.gotadi.com\/services\/wp-content\/uploads\/2025\/02\/eo-gio-1024x768-1-768x576.jpg 768w, https:\/\/www.gotadi.com\/services\/wp-content\/uploads\/2025\/02\/eo-gio-1024x768-1-600x450.jpg 600w\" sizes=\"auto, (max-width: 1024px) 100vw, 1024px\" \/><\/a><\/p>\n<h2 id=\"ngay-3-quy-nhon-ho-chi-minh-an-3-bua\"><span data-text-color=\"success\"><strong>NG\u00c0Y 3:\u00a0 QUY NH\u01a0N \u2013 H\u1ed2 CH\u00cd MINH &#8211; \u0102N 3 B\u1eeeA<\/strong><\/span><\/h2>\n<p><strong>S\u00e1ng:<\/strong> Q\u00fay kh\u00e1ch \u0103n s\u00e1ng t\u1ea1i kh\u00e1ch s\u1ea1n, l\u00e0m th\u1ee7 t\u1ee5c tr\u1ea3 ph\u00f2ng, sau \u0111\u00f3 ti\u1ebfp t\u1ee5c tham quan:<\/p>\n<p><strong>+ Ch\u00f9a Thi\u00ean H\u01b0ng: <\/strong>Ch\u00f9a Thi\u00ean H\u01b0ng B\u00ecnh \u0110\u1ecbnh g\u00e2y \u1ea5n t\u01b0\u1ee3ng v\u1edbi s\u1ef1 k\u1ebft h\u1ee3p tinh t\u1ebf gi\u1eefa ki\u1ebfn tr\u00fac \u00c1 \u0110\u00f4ng truy\u1ec1n th\u1ed1ng v\u00e0 n\u00e9t hi\u1ec7n \u0111\u1ea1i \u0111\u1ed9c \u0111\u00e1o. D\u00f9 kh\u00f4ng qu\u00e1 l\u1ed9ng l\u1eaby, nh\u01b0ng ch\u00f9a v\u1eabn s\u1edf h\u1eefu v\u1ebb \u0111\u1eb9p trang nghi\u00eam v\u00e0 c\u1ed5 k\u00ednh, t\u1ea1o n\u00ean m\u1ed9t d\u1ea5u \u1ea5n ri\u00eang bi\u1ec7t gi\u1eefa &#8220;v\u00f9ng \u0111\u1ea5t v\u00f5&#8221; \u0111\u1ea7y l\u1ecbch s\u1eed.<\/p>\n<p><strong>+ B\u1ea3o t\u00e0ng Quang Trung: <\/strong>B\u1ea3o t\u00e0ng Quang Trung l\u00e0 n\u01a1i th\u1edd v\u00e0 t\u01b0\u1edfng ni\u1ec7m anh h\u00f9ng \u00e1o v\u1ea3i Nguy\u1ec5n Hu\u1ec7, \u0111\u1ed3ng th\u1eddi l\u01b0u gi\u1eef nhi\u1ec1u hi\u1ec7n v\u1eadt l\u1ecbch s\u1eed g\u1eafn li\u1ec1n v\u1edbi Cu\u1ed9c kh\u1edfi ngh\u0129a T\u00e2y S\u01a1n v\u00e0 d\u1ea5u t\u00edch c\u1ee7a ba anh em nh\u00e0 T\u00e2y S\u01a1n. Kh\u00f4ng ch\u1ec9 l\u00e0 n\u01a1i tr\u01b0ng b\u00e0y, b\u1ea3o t\u00e0ng c\u00f2n \u0111\u00f3ng vai tr\u00f2 quan tr\u1ecdng trong nghi\u00ean c\u1ee9u, gi\u00e1o d\u1ee5c khoa h\u1ecdc l\u1ecbch s\u1eed. Th\u00f4ng qua c\u00e1c ho\u1ea1t \u0111\u1ed9ng ki\u1ec3m k\u00ea, b\u1ea3o qu\u1ea3n v\u00e0 tri\u1ec3n l\u00e3m, n\u01a1i \u0111\u00e2y g\u00f3p ph\u1ea7n b\u1ea3o t\u1ed3n v\u00e0 ph\u00e1t huy gi\u00e1 tr\u1ecb di s\u1ea3n v\u0103n h\u00f3a T\u00e2y S\u01a1n c\u00f9ng h\u00ecnh \u1ea3nh Ho\u00e0ng \u0111\u1ebf Quang Trung \u2013 Nguy\u1ec5n Hu\u1ec7.<\/p>\n<p><strong>Tr\u01b0a:<\/strong> Q\u00fay kh\u00e1ch d\u00f9ng b\u1eefa tr\u01b0a t\u1ea1i nh\u00e0 h\u00e0ng, sau \u0111\u00f3 l\u00ean \u0111\u01b0\u1eddng v\u1ec1 l\u1ea1i HCM<\/p>\n<p><strong>T\u1ed1i:<\/strong> \u0110o\u00e0n \u0111\u1ebfn HCM, HDV Gotadi t\u1ea1m bi\u1ec7t qu\u00fd kh\u00e1ch, h\u1eb9n qu\u00fd kh\u00e1ch trong nh\u1eefng d\u1ecbp s\u1eafp t\u1edbi!<\/p>\n<p>&nbsp;<\/p>\n<h3><strong>BAO G\u1ed2M <\/strong><\/h3>\n<ul>\n<li>Xe tham quan ph\u1ee5c v\u1ee5 su\u1ed1t h\u00e0nh tr\u00ecnh\u00a0: xe 45 ch\u1ed7 \u0111\u1eddi m\u1edbi<\/li>\n<li>L\u01b0u tr\u00fa ti\u00eau chu\u1ea9n 2 kh\u00e1ch\/ ph\u00f2ng. Tr\u01b0\u1eddng h\u1ee3p ph\u00f2ng \u0111\u01a1n s\u1ebd ph\u1ee5 thu theo th\u1eddi \u0111i\u1ec3m th\u1ef1c t\u1ebf.<\/li>\n<li>C\u00e1c b\u1eefa \u0103n theo ch\u01b0\u01a1ng tr\u00ecnh.<\/li>\n<li>V\u00e9 tham quan theo ch\u01b0\u01a1ng tr\u00ecnh.<\/li>\n<li>H\u01b0\u1edbng d\u1eabn vi\u00ean nhi\u1ec7t t\u00ecnh, vui v\u1ebb, ph\u1ee5c v\u1ee5 chuy\u00ean nghi\u1ec7p.<\/li>\n<li>B\u1ea3o hi\u1ec3m du l\u1ecbch\u00a0: m\u1ee9c b\u1ed3i th\u01b0\u1eddng 50.000.000 \u0111\/ kh\u00e1ch.<\/li>\n<li>N\u01b0\u1edbc su\u1ed1i (1 chai\/ kh\u00e1ch\/ ng\u00e0y)\u00a0; kh\u0103n (1 c\u00e1i\/ kh\u00e1ch\/ ng\u00e0y).<\/li>\n<\/ul>\n<p>&nbsp;<\/p>\n<h3><strong>KH\u00d4NG BAO G\u1ed2M<\/strong><\/h3>\n<ul>\n<li>Chi ph\u00ed \u0103n u\u1ed1ng ngo\u00e0i ch\u01b0\u01a1ng tr\u00ecnh, vui ch\u01a1i gi\u1ea3i tr\u00ed c\u00e1 nh\u00e2n.<\/li>\n<li>Ch\u01b0\u01a1ng tr\u00ecnh gala dinner + teambuilding theo y\u00eau c\u1ea7u<\/li>\n<li>V\u00e9 tham quan ghi t\u1ef1 t\u00fac tr\u00ean ch\u01b0\u01a1ng tr\u00ecnh<\/li>\n<li>Chi ph\u00ed b\u1ed3i d\u01b0\u1ee1ng cho HDV v\u00e0 t\u00e0i x\u1ebf.<\/li>\n<li>\u00c2m thanh, s\u00e2n kh\u1ea5u \u0111\u00eam gala Dinner<\/li>\n<li>Qu\u00e0 t\u1eb7ng n\u00f3n, qu\u00e0 t\u0103ng teambuidling + gala<\/li>\n<\/ul>\n<p>&nbsp;<\/p>\n<h3><strong>QUY \u0110\u1ecaNH TR\u1eba EM<\/strong><\/h3>\n<ul>\n<li>Tr\u1ebb em d\u01b0\u1edbi 5 tu\u1ed5i : mi\u1ec5n ph\u00ed (b\u00e9 ng\u1ee7 chung gi\u01b0\u1eddng v\u1edbi B\u1ed1 M\u1eb9).<\/li>\n<li>Tr\u1ebb em t\u1eeb 6 \u0111\u1ebfn d\u01b0\u1edbi 10 tu\u1ed5i : 50% gi\u00e1 c\u1ee7a ng\u01b0\u1eddi l\u1edbn (c\u00f3 gh\u1ebf ng\u1ed3i; su\u1ea5t \u0103n; ng\u1ee7 c\u00f9ng v\u1edbi B\u1ed1 m\u1eb9).<\/li>\n<li>Tr\u1ebb em t\u1eeb 10 tu\u1ed5i tr\u1edf l\u00ean : 100% gi\u00e1 nh\u01b0 ng\u01b0\u1eddi l\u1edbn<\/li>\n<\/ul>\n<p>&nbsp;<\/p>\n<h3><em><strong>CH\u00daC QU\u00dd KH\u00c1CH M\u1ed8T CHUY\u1ebeN \u0110I VUI V\u1eba!<\/strong><\/em><\/h3>\n","protected":false},"excerpt":{"rendered":"<p>D\u00f9 ch\u01b0a ph\u1ea3i l\u00e0 c\u00e1i t\u00ean ph\u1ed5 bi\u1ebfn tr\u00ean b\u1ea3n \u0111\u1ed3 du l\u1ecbch Vi\u1ec7t Nam nh\u01b0ng ai m\u1ed9t l\u1ea7n \u0111\u1eb7t ch\u00e2n \u0111\u1ebfn Quy Nh\u01a1n th\u00ec kh\u00f3 l\u00f2ng m\u00e0 qu\u00ean: M\u1ed9t Quy Nh\u01a1n ghi d\u1ea5u ri\u00eang trong l\u00f2ng du kh\u00e1ch b\u1edfi nh\u1eefng c\u00e2u chuy\u1ec7n mang \u0111\u1ea7y m\u00e0u s\u1eafc huy\u1ec1n tho\u1ea1i v\u00e0 b\u00ed \u1ea9n v\u1ec1 mi\u1ec1n \u0111\u1ea5t&#8230;<\/p>\n","protected":false},"featured_media":4458,"comment_status":"open","ping_status":"closed","template":"","meta":{"_acf_changed":false},"product_cat":[15,195,194,192],"product_tag":[],"class_list":{"0":"post-4455","1":"product","2":"type-product","3":"status-publish","4":"has-post-thumbnail","6":"product_cat-tat-ca-tour","7":"product_cat-gala-dinner","8":"product_cat-teambuilding","9":"product_cat-tour-tron-goi","11":"first","12":"instock","13":"sale","14":"shipping-taxable","15":"purchasable","16":"product-type-simple"},"acf":[],"_links":{"self":[{"href":"https:\/\/www.gotadi.com\/services\/wp-json\/wp\/v2\/product\/4455","targetHints":{"allow":["GET"]}}],"collection":[{"href":"https:\/\/www.gotadi.com\/services\/wp-json\/wp\/v2\/product"}],"about":[{"href":"https:\/\/www.gotadi.com\/services\/wp-json\/wp\/v2\/types\/product"}],"replies":[{"embeddable":true,"href":"https:\/\/www.gotadi.com\/services\/wp-json\/wp\/v2\/comments?post=4455"}],"wp:featuredmedia":[{"embeddable":true,"href":"https:\/\/www.gotadi.com\/services\/wp-json\/wp\/v2\/media\/4458"}],"wp:attachment":[{"href":"https:\/\/www.gotadi.com\/services\/wp-json\/wp\/v2\/media?parent=4455"}],"wp:term":[{"taxonomy":"product_cat","embeddable":true,"href":"https:\/\/www.gotadi.com\/services\/wp-json\/wp\/v2\/product_cat?post=4455"},{"taxonomy":"product_tag","embeddable":true,"href":"https:\/\/www.gotadi.com\/services\/wp-json\/wp\/v2\/product_tag?post=4455"}],"curies":[{"name":"wp","href":"https:\/\/api.w.org\/{rel}","templated":true}]}}