{"id":4470,"date":"2025-02-11T16:41:31","date_gmt":"2025-02-11T09:41:31","guid":{"rendered":"https:\/\/www.gotadi.com\/services\/?post_type=product&#038;p=4470"},"modified":"2026-04-21T22:56:42","modified_gmt":"2026-04-21T15:56:42","slug":"tour-phu-quoc-3-ngay-2-dem-teambuilding-gala-dinner","status":"publish","type":"product","link":"https:\/\/www.gotadi.com\/services\/tour-phu-quoc-3-ngay-2-dem-teambuilding-gala-dinner\/","title":{"rendered":"TOUR PH\u00da QU\u1ed0C 3 NG\u00c0Y 2 \u0110\u00caM &#8211; TEAMBUILDING &#8211; GALA DINNER"},"content":{"rendered":"<h2 id=\"ngay-1-tp-hcm-phu-quoc-bai-sao-thi-tran-hoang-hon-an-sang-trua-toi\"><span data-text-color=\"success\"><strong>NG\u00c0Y 1: TP. HCM &#8211; PH\u00da QU\u1ed0C &#8211; B\u00c3I SAO &#8211; TH\u1eca TR\u1ea4N HO\u00c0NG H\u00d4N (\u0102n s\u00e1ng + tr\u01b0a + t\u1ed1i)<\/strong><\/span><\/h2>\n<p><strong>S\u00e1ng:<\/strong>\u00a0HDV \u0111\u00f3n kh\u00e1ch t\u1ea1i\u00a0<strong>S\u00e2n bay T\u00e2n S\u01a1n Nh\u1ea5t\u00a0<\/strong>l\u00e0m th\u1ee7 t\u1ee5c bay \u0111i\u00a0<strong>Ph\u00fa Qu\u1ed1c<\/strong>.<\/p>\n<p>\u0110\u1ebfn n\u01a1i Xe v\u00e0 HDV \u1edf Ph\u00fa Qu\u1ed1c s\u1ebd \u0111\u00f3n qu\u00fd kh\u00e1ch \u0111\u01b0a \u0111o\u00e0n v\u1ec1 l\u1ea1i trung t\u00e2m Ph\u00fa Qu\u1ed1c. \u0110o\u00e0n d\u00f9ng \u0111i\u1ec3m t\u00e2m s\u00e1ng t\u1ea1i nh\u00e0 h\u00e0ng sau \u0111\u00f3 tham quan:<\/p>\n<ul>\n<li><strong>Khu du l\u1ecbch Su\u1ed1i Tranh<\/strong>: M\u1ed9t trong nh\u1eefng d\u00f2ng su\u1ed1i \u0111\u1eb9p nh\u01b0 b\u1ee9c tranh m\u00e0 thi\u00ean nhi\u00ean \u0111\u00e3 v\u1ebd v\u00e0 ban t\u1eb7ng cho Ph\u00fa Qu\u1ed1c.<\/li>\n<li><strong>Dinh C\u1eadu \u2013 Dinh B\u00e0<\/strong>: Bi\u1ec3u t\u01b0\u1ee3ng t\u00edn ng\u01b0\u1ee1ng c\u1ee7a ng\u01b0\u1eddi d\u00e2n h\u1ea3i \u0111\u1ea3o (n\u01a1i h\u1ecd t\u00ecm \u0111\u1ebfn kh\u1ea5n nguy\u1ec7n cho m\u1ed7i chuy\u1ebfn ra kh\u01a1i).<\/li>\n<\/ul>\n<p><strong>Tr\u01b0a:\u00a0<\/strong>\u0110o\u00e0n d\u00f9ng b\u1eefa tr\u01b0a t\u1ea1i nh\u00e0 h\u00e0ng, sau \u0111\u00f3 v\u1ec1 kh\u00e1ch s\u1ea1n nh\u1eadn ph\u00f2ng ngh\u1ec9 ng\u01a1i.<\/p>\n<p><strong>15h00<\/strong>: \u0110\u1ebfn gi\u1edd h\u1eb9n xe v\u00e0 HDV \u0111\u01b0a \u0111o\u00e0n \u0111i:<\/p>\n<ul>\n<li><strong>B\u00e3i Sao:\u00a0<\/strong>M\u1ed9t trong nh\u1eefng b\u00e3i bi\u1ec3n v\u1edbi l\u00e0n n\u01b0\u1edbc xanh bi\u1ebfc, b\u1edf c\u00e1t tr\u1eafng m\u1ecbn n\u1ed5i ti\u1ebfng t\u1ea1i Ph\u00fa Qu\u1ed1c. \u0110\u1ebfn B\u00e3i Sao, qu\u00fd kh\u00e1ch t\u1ef1 do ngh\u1ec9 ng\u01a1i, vui ch\u01a1i v\u00e0 t\u1eafm bi\u1ec3n<\/li>\n<li><strong>Th\u1ecb tr\u1ea5n Ho\u00e0ng H\u00f4n \u2013 Sunset Town:\u00a0<\/strong>V\u1edbi l\u1ed1i ki\u1ebfn tr\u00fac \u0110\u1ecba Trung H\u1ea3i nh\u01b0ng kh\u00f4ng k\u00e9m ph\u1ea7n sang tr\u1ecdng, t\u1ea5t c\u1ea3 c\u00e1c c\u00f4ng tr\u00ecnh bi\u1ec3u t\u01b0\u1ee3ng t\u1ea1i \u0111\u00e2y \u0111\u1ec1u mang l\u1ea1i cho du kh\u00e1ch c\u1ea3m nh\u1eadn nh\u01b0 l\u1ea1c v\u00e0o m\u1ed9t ch\u00e2u \u00c2u thu nh\u1ecf. S\u1ef1 ch\u0103m ch\u00fat t\u1ec9 m\u1ec9 c\u1ee7a ch\u1ee7 \u0111\u1ea7u t\u01b0 trong t\u1eebng c\u00f4ng tr\u00ecnh nh\u01b0: qu\u1ea3ng tr\u01b0\u1eddng con S\u00f2, \u0111\u00e0i phun n\u01b0\u1edbc Trevi, b\u00fat \u0111\u00e1 th\u00e1p Obelisk, &#8230;<br \/>\n<strong>C\u1ea7u H\u00f4n \u2013 Kiss Bridge<\/strong>: \u0110\u01b0\u1ee3c thi\u1ebft k\u1ebf ri\u00eang d\u1ef1a tr\u00ean \u0111\u1eb7c t\u00ednh v\u1ec1 \u0111\u1ecba h\u00ecnh, th\u1ed5 nh\u01b0\u1ee1ng c\u1ee7a v\u00f9ng \u0111\u1ea5t n\u00e0y. Nh\u00ecn t\u1eeb xa, c\u00e2y c\u1ea7u nh\u01b0 m\u1ed9t d\u1ea3i l\u1ee5a gi\u1eefa \u0111\u1ea1i d\u01b0\u01a1ng lam ng\u1ecdc g\u1ed3m hai ph\u1ea7n v\u01b0\u01a1n m\u00ecnh \u00f4m tr\u1ecdn b\u1edd c\u00e1t tr\u1eafng, h\u01b0\u1edbng \u0111\u1ebfn nhau, h\u1ee3p v\u00e0o l\u00e0m m\u1ed9t th\u1ec3 th\u1ed1ng nh\u1ea5t nh\u01b0ng kh\u00f4ng ch\u1ea1m nhau, v\u00ed nh\u01b0 c\u1ea3m gi\u00e1c rung \u0111\u1ed9ng c\u1ee7a hai ng\u01b0\u1eddi y\u00eau nhau tr\u01b0\u1edbc n\u1ee5 h\u00f4n l\u00e3ng m\u1ea1n.<\/li>\n<\/ul>\n<p>&nbsp;<\/p>\n<p><a href=\"https:\/\/www.gotadi.com\/services\/wp-content\/uploads\/2025\/02\/cau-cau-hon.jpg\"><img loading=\"lazy\" decoding=\"async\" class=\"aligncenter wp-image-4471 size-full\" src=\"https:\/\/www.gotadi.com\/services\/wp-content\/uploads\/2025\/02\/cau-cau-hon.jpg\" alt=\"\" width=\"2000\" height=\"1124\" srcset=\"https:\/\/www.gotadi.com\/services\/wp-content\/uploads\/2025\/02\/cau-cau-hon.jpg 2000w, https:\/\/www.gotadi.com\/services\/wp-content\/uploads\/2025\/02\/cau-cau-hon-300x169.jpg 300w, https:\/\/www.gotadi.com\/services\/wp-content\/uploads\/2025\/02\/cau-cau-hon-1024x575.jpg 1024w, https:\/\/www.gotadi.com\/services\/wp-content\/uploads\/2025\/02\/cau-cau-hon-768x432.jpg 768w, https:\/\/www.gotadi.com\/services\/wp-content\/uploads\/2025\/02\/cau-cau-hon-1536x863.jpg 1536w, https:\/\/www.gotadi.com\/services\/wp-content\/uploads\/2025\/02\/cau-cau-hon-600x337.jpg 600w\" sizes=\"auto, (max-width: 2000px) 100vw, 2000px\" \/><\/a><\/p>\n<p>&nbsp;<\/p>\n<p>Qu\u00fd kh\u00e1ch c\u00f3 th\u1ec3 \u0111\u1ee9ng t\u1eeb b\u00ean b\u1edd\u00a0<strong>ch\u1ee5p to\u00e0n c\u1ea3nh Kiss Bridge khi \u00e1nh ho\u00e0n h\u00f4n<\/strong>\u00a0v\u1eeba bu\u00f4ng xu\u1ed1ng (t\u1ef1 t\u00fac chi ph\u00ed n\u1ebfu qu\u00fd kh\u00e1ch mu\u1ed1n l\u00ean c\u1ea7u tham quan)<\/p>\n<p><strong>T\u1ed1i:\u00a0<\/strong>Sau b\u1eefa t\u1ed1i t\u1ea1i nh\u00e0 h\u00e0ng \u0111o\u00e0n vui ch\u01a1i t\u1ef1 do\u00a0<strong>d\u1ea1o ch\u1ee3 \u0111\u00eam D\u01b0\u01a1ng \u0110\u00f4ng<\/strong>\u00a0\u0111\u1ec3 t\u1eadn h\u01b0\u1edfng tr\u1ecdn v\u1eb9n h\u01a1n v\u1ebb \u0111\u1eb9p Ph\u00fa Qu\u1ed1c v\u1ec1 \u0111\u00eam.<\/p>\n<p>&nbsp;<\/p>\n<h2 id=\"ngay-2-tham-quan-dao-nha-tu-phu-quoc-thi-tran-dia-trung-hai\"><span data-text-color=\"success\"><strong>NG\u00c0Y 2: THAM QUAN \u0110\u1ea2O \u2013 NH\u00c0 T\u00d9 PH\u00da QU\u1ed0C- TH\u1eca TR\u1ea4N \u0110\u1ecaA TRUNG H\u1ea2I<\/strong><\/span><\/h2>\n<p><strong>07h00:<\/strong> Qu\u00fd kh\u00e1ch d\u00f9ng buffet t\u1ea1i kh\u00e1ch s\u1ea1n.<\/p>\n<p><strong>09h00:<\/strong> \u0110\u1ebfn c\u1ea3ng An Th\u1edbi. B\u1eaft \u0111\u1ea7u h\u00e0nh tr\u00ecnh <strong>TOUR CANO 4 \u0110\u1ea2O<\/strong> <strong>H\u00f2n G\u1ea7m Gh\u00ec (D\u0103m Ngang), Kh\u00e1m ph\u00e1 h\u00f2n M\u00f3ng Tay<\/strong> ,<strong> \u0110\u1ebfn v\u1edbi h\u00f2n M\u00e2y R\u00fat trong<\/strong> ,<strong> h\u00f2n M\u00e2y R\u00fat ngo\u00e0i. <\/strong>\u0111\u1ebfn c\u00e1c h\u00f2n \u0111\u1ea3o xinh \u0111\u1eb9p c\u1ee7a qu\u1ea7n \u0111\u1ea3o An Th\u1edbi, ph\u00eda Nam Ph\u00fa Qu\u1ed1c. T\u1ea1i \u0111\u00e2y, qu\u00fd kh\u00e1ch c\u00f3 th\u1ec3 ch\u1ee5p \u1ea3nh SUP, quay flycam L\u1eb7n ng\u1eafm san h\u00f4 t\u1ef1 nhi\u00ean, V\u1edbi c\u00e1c d\u1ee5ng c\u1ee5 \u0111\u01b0\u1ee3c chu\u1ea9n b\u1ecb s\u1eb5n: \u1ed0ng th\u1edf, K\u00ednh l\u1eb7n, Ch\u00e2n b\u01a1i (Ch\u00e2n V\u1ecbt), \u00c1o phao. ngay tr\u00ean nh\u1eefng h\u00f2n \u0111\u1ea3o n\u00e0y.<\/p>\n<p>&nbsp;<\/p>\n<p><a href=\"https:\/\/www.gotadi.com\/services\/wp-content\/uploads\/2025\/02\/phu-quoc-1.jpg\"><img loading=\"lazy\" decoding=\"async\" class=\"aligncenter wp-image-4473 size-full\" src=\"https:\/\/www.gotadi.com\/services\/wp-content\/uploads\/2025\/02\/phu-quoc-1.jpg\" alt=\"\" width=\"2048\" height=\"1152\" srcset=\"https:\/\/www.gotadi.com\/services\/wp-content\/uploads\/2025\/02\/phu-quoc-1.jpg 2048w, https:\/\/www.gotadi.com\/services\/wp-content\/uploads\/2025\/02\/phu-quoc-1-300x169.jpg 300w, https:\/\/www.gotadi.com\/services\/wp-content\/uploads\/2025\/02\/phu-quoc-1-1024x576.jpg 1024w, https:\/\/www.gotadi.com\/services\/wp-content\/uploads\/2025\/02\/phu-quoc-1-768x432.jpg 768w, https:\/\/www.gotadi.com\/services\/wp-content\/uploads\/2025\/02\/phu-quoc-1-1536x864.jpg 1536w, https:\/\/www.gotadi.com\/services\/wp-content\/uploads\/2025\/02\/phu-quoc-1-600x338.jpg 600w\" sizes=\"auto, (max-width: 2048px) 100vw, 2048px\" \/><\/a><\/p>\n<p>&nbsp;<\/p>\n<p><strong>12h00:<\/strong> \u0110o\u00e0n d\u00f9ng c\u01a1m tr\u01b0a tr\u00ean \u0110\u1ea3o.<\/p>\n<p><strong>14h00:<\/strong> Cano di chuy\u1ec3n v\u00e0o c\u1ea3ng.<\/p>\n<p><strong>15h30:<\/strong> Di chuy\u1ec3n v\u1ec1 kh\u00e1ch s\u1ea1n ngh\u1ec9 ng\u01a1i. \u0110o\u00e0n t\u1ef1 do t\u1eafm bi\u1ec3n ho\u1eb7c s\u1eed d\u1ee5ng d\u1ecbch v\u1ee5 t\u1ea1i kh\u00e1ch s\u1ea1n.<\/p>\n<p><strong>18h00:<\/strong> Qu\u00fd kh\u00e1ch d\u00f9ng ti\u1ec7c t\u1ed1i t\u1ea1i Nh\u00e0 h\u00e0ng v\u00e0 tham gia <strong>Gala Dinner 2024<\/strong> ch\u1ee7 \u0111\u1ec1 <strong>\u201cLET\u2019S SHINE TOGETHER\u201d<\/strong>, giao l\u01b0u c\u00f9ng v\u1edbi c\u00e1c th\u00e0nh vi\u00ean trong \u0111o\u00e0n, ch\u01a1i nh\u1eefng tr\u00f2 ch\u01a1i k\u1ebft n\u1ed1i, tham gia tr\u1ed5 t\u00e0i Karaoke v\u1edbi Mini Show <strong>\u201cGi\u1ecdng H\u00e1t V\u00e0ng\u201d<\/strong> v\u00e0 nh\u1eadn \u0111\u01b0\u1ee3c c\u00e1c ph\u1ea7n qu\u00e0 l\u01b0u ni\u1ec7m, r\u00fat th\u0103m tr\u00fang th\u01b0\u1edfng nh\u01b0:<\/p>\n<p>K\u1ebft th\u00fac ch\u01b0\u01a1ng tr\u00ecnh qu\u00fd kh\u00e1ch t\u1ef1 do v\u1edbi ch\u01b0\u01a1ng tr\u00ecnh ri\u00eang.<\/p>\n<p>&nbsp;<\/p>\n<h2 id=\"ngay-3-ve-diem-don-ban-dau\"><span data-text-color=\"success\"><strong>NG\u00c0Y 3: V\u1ec0 \u0110I\u1ec2M \u0110\u00d3N BAN \u0110\u1ea6U<\/strong><\/span><\/h2>\n<p><strong>07h00:<\/strong> \u0110o\u00e0n d\u00f9ng Buffer s\u00e1ng, ngh\u1ec9 ng\u01a1i v\u00e0 t\u1ef1 do t\u1eafm bi\u1ec3n, tham quan.<\/p>\n<p><strong>08h00:<\/strong> Qu\u00fd kh\u00e1ch tham quan <strong>Ch\u00f9a H\u1ed9 Qu\u1ed1c<\/strong>: Ng\u00f4i ch\u00f9a \u0111\u01b0\u1ee3c thi\u1ebft k\u1ebf t\u1ef1a s\u01a1n h\u01b0\u1edbng th\u1ee7y, s\u1eed d\u1ee5ng ki\u1ebfn tr\u00fac c\u1ed5 th\u1eddi L\u00fd \u2013 Tr\u1ea7n v\u1edbi c\u1ed5ng Tam Quan, ng\u00f3i \u0111\u1ecf t\u01b0\u1eddng g\u1ea1ch, nh\u1eefng t\u1ea5m c\u1eeda cao b\u1eb1ng g\u1ed7 \u0111\u1ed3 s\u1ed9 \u0111\u01b0\u1ee3c \u0111i\u00eau kh\u1eafc, ch\u1ea1m tr\u1ed5 tinh x\u1ea3o. C\u1ea3 h\u1ec7 th\u1ed1ng ch\u00f9a H\u1ed9 Qu\u1ed1c bao g\u1ed3m 8 h\u1ea1ng m\u1ee5c ch\u00ednh: \u0110i\u1ec7n Tam B\u1ea3o, Nh\u00e0 th\u1edd T\u1ed5; Th\u00e1p chu\u00f4ng; Th\u00e1p tr\u1ed1ng; C\u1ed5ng Tam quan; Nh\u00e0 H\u00f2a Th\u01b0\u1ee3ng; Nh\u00e0 T\u0103ng v\u00e0 cu\u1ed1i c\u00f9ng l\u00e0 Nh\u00e0 \u0103n, \u0111\u01b0\u1ee3c ph\u00e2n b\u1ed5 h\u00e0i h\u00f2a v\u1edbi kh\u00f4ng gian k\u1ef3 v\u0129 c\u1ee7a n\u00fai \u0111\u1ed3i v\u00e0 bi\u1ec3n c\u1ea3.<\/p>\n<p><strong>10h00:<\/strong> \u0110o\u00e0n quay v\u1ec1 Resort Sau \u0111\u00f3 \u0111o\u00e0n l\u00e0m th\u1ee7 t\u1ee5c tr\u1ea3 ph\u00f2ng.<\/p>\n<p><strong>12h00:<\/strong> \u0110o\u00e0n \u0103n tr\u01b0a t\u1ea1i Nh\u00e0 H\u00e0ng.<\/p>\n<p><strong>13h00:<\/strong> \u0110o\u00e0n kh\u1edfi h\u00e0nh \u0111i tham quan v\u00e0 mua s\u1eafm \u0111\u1eb7c s\u1ea3n v\u1ec1 l\u00e0m qu\u00e0 cho ng\u01b0\u1eddi th\u00e2n<\/p>\n<ul>\n<li><strong>C\u01a1 S\u1edf S\u1ea3n Xu\u1ea5t N\u01b0\u1edbc M\u1eafm:<\/strong> n\u01a1i ra \u0111\u1eddi lo\u1ea1i n\u01b0\u1edbc ch\u1ea5m \u201cqu\u1ed1c h\u1ed3n, qu\u1ed1c t\u00fay\u201d t\u1eeb ngu\u1ed3n c\u00e1 c\u01a1m d\u1ed3i d\u00e0o ngo\u00e0i bi\u1ec3n c\u1ea3, ng\u01b0\u1eddi d\u00e2n n\u01a1i \u0111\u00e2y b\u1eaft \u0111\u1ea7u t\u1eadp trung s\u1ea3n xu\u1ea5t n\u01b0\u1edbc m\u1eafm theo ph\u01b0\u01a1ng th\u1ee9c \u1ee7 mu\u1ed1i b\u00ed truy\u1ec1n.<\/li>\n<li><strong>C\u01a1 S\u1edf S\u1ea3n Xu\u1ea5t R\u01b0\u1ee3u Sim:<\/strong> n\u01a1i s\u1ea3n xu\u1ea5t ra m\u1ed9t trong nh\u1eefng \u0111\u1eb7c s\u1ea3n tr\u1ee9 danh l\u00e0m say \u0111\u1eafm du kh\u00e1ch b\u1edfi h\u01b0\u01a1ng v\u1ecb th\u01a1m ngon v\u00e0 nhi\u1ec1u c\u00f4ng d\u1ee5ng h\u1eefu \u00edch.<\/li>\n<\/ul>\n<p><strong>15h00:<\/strong> Xe \u0111\u01b0a \u0111o\u00e0n di chuy\u1ec3n ra S\u00e2n Bay Ph\u00fa Qu\u1ed1c \u0111\u1ec3 l\u00e0m th\u1ee7 t\u1ee5c \u0111\u00e1p chuy\u1ebfn bay v\u1ec1 TSN<\/p>\n<p><strong>T\u1ed1i:<\/strong> Qu\u00fd kh\u00e1ch v\u1ec1 \u0111\u1ebfn \u0111i\u1ec3m \u0111\u00f3n ban \u0111\u1ea7u, k\u1ebft th\u00fac ch\u01b0\u01a1ng tr\u00ecnh tham quan. HDV Gotadi chia tay \u0111o\u00e0n v\u00e0 h\u1eb9n g\u1eb7p l\u1ea1i qu\u00fd kh\u00e1ch.<\/p>\n<p>&nbsp;<\/p>\n<h3><strong>GI\u00c1 TOUR BAO G\u1ed2M <\/strong><\/h3>\n<ul>\n<li>Xe tham quan ph\u1ee5c v\u1ee5 su\u1ed1t h\u00e0nh tr\u00ecnh<\/li>\n<li>C\u00e1c b\u1eefa \u0103n theo ch\u01b0\u01a1ng tr\u00ecnh<\/li>\n<li>V\u00e9 tham quan c\u00e1c \u0111i\u1ec3m bao g\u1ed3m trong ch\u01b0\u01a1ng tr\u00ecnh<\/li>\n<li>H\u01b0\u1edbng d\u1eabn vi\u00ean nhi\u1ec7t t\u00ecnh, vui v\u1ebb, ph\u1ee5c v\u1ee5 chuy\u00ean nghi\u1ec7p.<\/li>\n<li>B\u1ea3o hi\u1ec3m du l\u1ecbch\u00a0: m\u1ee9c b\u1ed3i th\u01b0\u1eddng 100.000.000 \u0111\/ kh\u00e1ch.<\/li>\n<li>N\u01b0\u1edbc su\u1ed1i (1 chai\/ kh\u00e1ch\/ ng\u00e0y)\u00a0; kh\u0103n l\u1ea1nh (1 c\u00e1i\/ kh\u00e1ch\/ ng\u00e0y).<\/li>\n<li>H\u00f3a \u0111\u01a1n gi\u00e1 tr\u1ecb gia t\u0103ng VAT<\/li>\n<\/ul>\n<p>&nbsp;<\/p>\n<h3><strong>KH\u00d4NG BAO G\u1ed2M<\/strong><\/h3>\n<ul>\n<li>Chi ph\u00ed gi\u1eb7t \u1ee7i, c\u00e1c chi ph\u00ed c\u00e1 nh\u00e2n ph\u00e1t sinh kh\u00e1c.<\/li>\n<li>V\u00e9 m\u00e1y bay kh\u1ee9 h\u1ed3i t\u1eeb HCM\/H\u00e0 N\u1ed9i<\/li>\n<li>Ch\u01b0\u01a1ng tr\u00ecnh Gala Dinner\u00a0: S\u00e2n kh\u1ea5u, \u00e2m thanh, \u00e1nh s\u00e1ng, MC, qu\u00e0 t\u1eb7ng game<\/li>\n<li>Ch\u01b0\u01a1ng tr\u00ecnh teambuilding<\/li>\n<li>Su\u1ea5t \u0103n gala dinner.<\/li>\n<li>\u0102n u\u1ed1ng n\u1eb1m ngo\u00e0i ch\u01b0\u01a1ng tr\u00ecnh tour.<\/li>\n<li>Ti\u1ec1n tip cho t\u00e0i x\u1ebf v\u00e0 HDV.<\/li>\n<\/ul>\n<p>&nbsp;<\/p>\n<h3><strong>QUY \u0110\u1ecaNH TR\u1eba EM<\/strong><\/h3>\n<ul>\n<li>Tr\u1ebb em d\u01b0\u1edbi 5 tu\u1ed5i : mi\u1ec5n ph\u00ed (b\u00e9 ng\u1ee7 chung gi\u01b0\u1eddng v\u1edbi B\u1ed1 M\u1eb9).<\/li>\n<li>Tr\u1ebb em t\u1eeb 5 \u0111\u1ebfn d\u01b0\u1edbi 11 tu\u1ed5i: 50% gi\u00e1 c\u1ee7a ng\u01b0\u1eddi l\u1edbn (c\u00f3 gh\u1ebf ng\u1ed3i ri\u00eang; su\u1ea5t \u0103n ng\u1ee7 c\u00f9ng v\u1edbi B\u1ed1 m\u1eb9).<\/li>\n<li>Tr\u1ebb em t\u1eeb 11 tu\u1ed5i tr\u1edf l\u00ean : 100% gi\u00e1 nh\u01b0 ng\u01b0\u1eddi l\u1edbn<\/li>\n<\/ul>\n<h3><\/h3>\n<h3><em><strong>CH\u00daC QU\u00dd KH\u00c1CH M\u1ed8T CHUY\u1ebeN \u0110I VUI V\u1eba!<\/strong><\/em><\/h3>\n","protected":false},"excerpt":{"rendered":"<p>NG\u00c0Y 1: TP. HCM &#8211; PH\u00da QU\u1ed0C &#8211; B\u00c3I SAO &#8211; TH\u1eca TR\u1ea4N HO\u00c0NG H\u00d4N (\u0102n s\u00e1ng + tr\u01b0a + t\u1ed1i) S\u00e1ng:\u00a0HDV \u0111\u00f3n kh\u00e1ch t\u1ea1i\u00a0S\u00e2n bay T\u00e2n S\u01a1n Nh\u1ea5t\u00a0l\u00e0m th\u1ee7 t\u1ee5c bay \u0111i\u00a0Ph\u00fa Qu\u1ed1c. \u0110\u1ebfn n\u01a1i Xe v\u00e0 HDV \u1edf Ph\u00fa Qu\u1ed1c s\u1ebd \u0111\u00f3n qu\u00fd kh\u00e1ch \u0111\u01b0a \u0111o\u00e0n v\u1ec1 l\u1ea1i trung t\u00e2m Ph\u00fa Qu\u1ed1c. \u0110o\u00e0n&#8230;<\/p>\n","protected":false},"featured_media":4472,"comment_status":"open","ping_status":"closed","template":"","meta":{"_acf_changed":false},"product_cat":[15,195,194,192,191,183],"product_tag":[],"class_list":{"0":"post-4470","1":"product","2":"type-product","3":"status-publish","4":"has-post-thumbnail","6":"product_cat-tat-ca-tour","7":"product_cat-gala-dinner","8":"product_cat-teambuilding","9":"product_cat-tour-tron-goi","10":"product_cat-trai-nghiem","11":"product_cat-viet-nam","13":"first","14":"instock","15":"sale","16":"shipping-taxable","17":"purchasable","18":"product-type-simple"},"acf":[],"_links":{"self":[{"href":"https:\/\/www.gotadi.com\/services\/wp-json\/wp\/v2\/product\/4470","targetHints":{"allow":["GET"]}}],"collection":[{"href":"https:\/\/www.gotadi.com\/services\/wp-json\/wp\/v2\/product"}],"about":[{"href":"https:\/\/www.gotadi.com\/services\/wp-json\/wp\/v2\/types\/product"}],"replies":[{"embeddable":true,"href":"https:\/\/www.gotadi.com\/services\/wp-json\/wp\/v2\/comments?post=4470"}],"wp:featuredmedia":[{"embeddable":true,"href":"https:\/\/www.gotadi.com\/services\/wp-json\/wp\/v2\/media\/4472"}],"wp:attachment":[{"href":"https:\/\/www.gotadi.com\/services\/wp-json\/wp\/v2\/media?parent=4470"}],"wp:term":[{"taxonomy":"product_cat","embeddable":true,"href":"https:\/\/www.gotadi.com\/services\/wp-json\/wp\/v2\/product_cat?post=4470"},{"taxonomy":"product_tag","embeddable":true,"href":"https:\/\/www.gotadi.com\/services\/wp-json\/wp\/v2\/product_tag?post=4470"}],"curies":[{"name":"wp","href":"https:\/\/api.w.org\/{rel}","templated":true}]}}