{"id":4474,"date":"2025-02-11T16:52:30","date_gmt":"2025-02-11T09:52:30","guid":{"rendered":"https:\/\/www.gotadi.com\/services\/?post_type=product&#038;p=4474"},"modified":"2026-04-22T00:10:38","modified_gmt":"2026-04-21T17:10:38","slug":"tour-thai-lan-bangkok-3-ngay-2-dem-gala-dinner","status":"publish","type":"product","link":"https:\/\/www.gotadi.com\/services\/tour-thai-lan-bangkok-3-ngay-2-dem-gala-dinner\/","title":{"rendered":"TOUR TH\u00c1I LAN &#8211; BANGKOK 3 NG\u00c0Y 2 \u0110\u00caM &#8211; GALA DINNER"},"content":{"rendered":"<h2 id=\"ngay-1-viet-nam-bangkok-an-2-bua\"><span data-text-color=\"success\"><strong>NG\u00c0Y 1: <\/strong><strong>VIET NAM &#8211; BANGKOK <\/strong><strong>\u00a0( <\/strong><strong>\u0102N 2 B\u1eeeA )<\/strong><\/span><strong><span data-text-color=\"success\">\u00a0\u00a0\u00a0\u00a0<\/span>\u00a0\u00a0\u00a0\u00a0\u00a0\u00a0\u00a0\u00a0\u00a0 <\/strong><\/h2>\n<p><strong><em><u>Tr\u01b0a :\u00a0 <\/u><\/em><\/strong>Tr\u01b0\u1edfng \u0111o\u00e0n \u0111\u00f3n kh\u00e1ch t\u1ea1i <strong>s\u00e2n bay<\/strong> \u0111\u1ec3 l\u00e0m th\u1ee7 t\u1ee5c checkin \u0111\u00e1p chuy\u1ebfn bay \u0111i Th\u00e1i Lan (Bangkok). \u0110\u1ebfn Th\u00e1i Lan HDV \u0110\u00f3n kh\u00e1ch t\u1ea1i s\u00e2n bay Bangkok . Sau \u0111\u00f3, \u0102n tr\u01b0a t\u1ea1i nh\u00e0 h\u00e0ng sau \u0111\u00f3:<\/p>\n<ul>\n<li>Tham quan \u2013 check in m\u1ed9t trong c\u00e1c \u0111i\u1ec3m sau:<\/li>\n<\/ul>\n<p><strong>+ Wat Saket (Ch\u00f9a N\u00fai V\u00e0ng) <\/strong>&#8211; m\u1ed9t trong nh\u1eefng ng\u00f4i ch\u00f9a linh thi\u00eang nh\u1ea5t t\u1ea1i Th\u00e1i Lan, \u0111\u1ed3ng th\u1eddi c\u0169ng l\u00e0 \u0111i\u1ec3m tham quan c\u1ef1c k\u1ef3 n\u1ed5i ti\u1ebfng v\u1edbi nh\u1eefng khu v\u1ef1c tham quan \u0111\u1ed9c \u0111\u00e1o.<\/p>\n<p><strong>+ Wat Pho &#8211;<\/strong> n\u1ed5i ti\u1ebfng v\u1edbi t\u01b0\u1ee3ng Ph\u1eadt n\u1eb1m c\u00f3 k\u00edch th\u01b0\u1edbc l\u1edbn nh\u1ea5t t\u1ea1i Th\u00e1i Lan. T\u1ed5ng th\u1ec3 t\u00f4n t\u01b0\u1ee3ng c\u00f3 chi\u1ec1u d\u00e0i 64 m\u00e9t v\u00e0 chi\u1ec1u cao l\u00e0 15 m\u00e9t. T\u01b0\u1ee3ng Ph\u1eadt Th\u00edch Ca M\u00e2u Ni \u0111\u01b0\u1ee3c x\u00e2y d\u1ef1ng b\u1eb1ng g\u1ea1ch b\u1ecdc th\u1ea1ch cao, b\u00ean ngo\u00e0i pho t\u01b0\u1ee3ng \u0111\u01b0\u1ee3c d\u00e1t v\u00e0ng v\u00e0 trang tr\u00ed v\u1edbi nhi\u1ec1u hoa v\u0103n v\u00f4 c\u00f9ng tinh x\u1ea3o.<\/p>\n<p><strong>+ Ho\u00e0ng Cung &#8211;<\/strong> hay c\u00f2n \u0111\u01b0\u1ee3c bi\u1ebft \u0111\u1ebfn v\u1edbi t\u00ean g\u1ecdi Grand Palace l\u00e0 m\u1ed9t t\u1ed5 h\u1ee3p ki\u1ebfn tr\u00fac \u0111\u1ed3 s\u1ed9 v\u00e0 l\u1ed9ng l\u1eaby n\u1eb1m b\u00ean b\u1edd s\u00f4ng Chao Phraya \u0111\u01b0\u1ee3c x\u00e2y d\u1ef1ng v\u00e0o n\u0103m 1782 d\u01b0\u1edbi th\u1eddi tr\u1ecb v\u00ec c\u1ee7a Vua Rama I (\u00f4ng l\u00e0 ng\u01b0\u1eddi s\u00e1ng l\u1eadp ra tri\u1ec1u \u0111\u1ea1i Chakri) khi \u00f4ng di d\u1eddi \u0111\u00f4 t\u1eeb Ayutthaya \u0111\u1ebfn Bangkok. Ng\u00e0y nay, m\u1eb7c d\u00f9 m\u1ed9t ph\u1ea7n c\u1ee7a cung \u0111i\u1ec7n v\u1eabn l\u00e0 n\u01a1i \u1edf c\u1ee7a ho\u00e0ng t\u1ed9c, nh\u01b0ng ph\u1ea7n l\u1edbn \u0111\u01b0\u1ee3c m\u1edf c\u1eeda cho c\u00f4ng ch\u00fang tham quan.<\/p>\n<ul>\n<li>Trung t\u00e2m th\u01b0\u01a1ng m\u1ea1i <strong>Icon Siam<\/strong> n\u1eb1m b\u00ean b\u1edd s\u00f4ng Chao Praya chi\u00eam ng\u01b0\u1ee1ng c\u00e1c m\u00e0n nh\u1ea1c n\u01b0\u1edbc r\u1ef1c r\u1ee1 \u00e1nh s\u00e1ng v\u00e0 \u00e2m thanh du d\u01b0\u01a1ng t\u1ea1i Icon Siam v\u00e0 t\u1ef1 t\u00fac th\u01b0\u1edfng th\u1ee9c c\u00e1c m\u00f3n \u0103n v\u00f4 c\u00f9ng \u0111\u1eb7c tr\u01b0ng c\u1ee7a Th\u00e1i t\u1ea1i \u0111\u00e2y.<\/li>\n<\/ul>\n<p><strong><u>19h00:<\/u><\/strong> \u0110o\u00e0n \u0103n t\u1ed1i coupon t\u1ea1i icon siam v\u00e0 ngh\u1ec9 \u0111\u00eam t\u1ea1i kh\u00e1ch s\u1ea1n 4* t\u1ea1i Bangkok.<\/p>\n<p>&nbsp;<\/p>\n<p><a href=\"https:\/\/www.gotadi.com\/services\/wp-content\/uploads\/2025\/02\/Wat-Saket-3.jpg\"><img loading=\"lazy\" decoding=\"async\" class=\"aligncenter wp-image-4477 size-full\" src=\"https:\/\/www.gotadi.com\/services\/wp-content\/uploads\/2025\/02\/Wat-Saket-3.jpg\" alt=\"\" width=\"600\" height=\"400\" srcset=\"https:\/\/www.gotadi.com\/services\/wp-content\/uploads\/2025\/02\/Wat-Saket-3.jpg 600w, https:\/\/www.gotadi.com\/services\/wp-content\/uploads\/2025\/02\/Wat-Saket-3-300x200.jpg 300w\" sizes=\"auto, (max-width: 600px) 100vw, 600px\" \/><\/a><\/p>\n<p>&nbsp;<\/p>\n<h2 id=\"ngay-2-bangkok-wat-yannawa-dao-song-chaopraya-an-3-bua\"><span data-text-color=\"success\"><strong>NG\u00c0Y 2: BANGKOK\u00a0 <\/strong><strong>&#8211; WAT YANNAWA<\/strong><strong>\u00a0 \u2013 D\u1ea0O S\u00d4NG CHAOPRAYA\u00a0\u00a0\u00a0 ( \u0102N <\/strong><strong>3 B\u1eeeA<\/strong><\/span><strong><span data-text-color=\"success\">)\u00a0\u00a0\u00a0\u00a0\u00a0\u00a0\u00a0\u00a0\u00a0<\/span>\u00a0\u00a0\u00a0\u00a0 <\/strong><\/h2>\n<p><strong><em><u>S\u00e1ng:<\/u><\/em><\/strong> Q\u00fay kh\u00e1ch t\u1ef1 do \u0103n s\u00e1ng t\u1ea1i kh\u00e1ch s\u1ea1n.<\/p>\n<p>\u0110o\u00e0n tham quan <strong>trung t\u00e2m nghi\u00ean c\u1ee9u r\u1eafn \u0111\u1ed9c Snaker Farm . <\/strong>\u00a0Ho\u1eb7c tham d\u1ef1 ch\u01b0\u01a1ng tr\u00ecnh h\u1ed9i ngh\u1ecb\/h\u1ed9i th\u1ea3o (n\u1ebfu c\u00f3).<\/p>\n<p>\u0110o\u00e0n tham quan th\u00e0nh ph\u1ed1 c\u1ed5 <strong>Muong Boran<\/strong> &#8211; Qu\u00fd kh\u00e1ch th\u0103m quan <strong>ANCIENT CITY MUANG<\/strong> <strong>BORAN<\/strong> &#8211; m\u1ed9t qu\u1ea7n th\u1ec3 gi\u00e1 tr\u1ecb nh\u00e2n v\u0103n l\u1edbn v\u00f4 c\u00f9ng \u00fd ngh\u0129a v\u00e0 \u0111\u1eb9p m\u1eaft. Nh\u1eefng \u0111i\u1ec3m tham quan \u0111\u01b0\u1ee3c k\u00ec c\u00f4ng x\u00e2y d\u1ef1ng l\u00e0m say l\u00f2ng du kh\u00e1ch nh\u01b0:<\/p>\n<ul>\n<li><strong>Cung \u0110i\u1ec7n Dusit Prasat Palace, cung \u0111i\u1ec7n Sanphet Prasat.<\/strong><\/li>\n<li><strong>Ng\u00f4i ch\u00f9a V\u00e0ng<\/strong> long lanh v\u1edbi 9.999 t\u01b0\u1ee3ng ph\u1eadt \u0111i\u00eau kh\u1eafc tr\u00ean t\u01b0\u1eddng, chi\u00eam ng\u01b0\u1ee1ng nh\u00e1nh c\u00e2y B\u1ed3 \u0110\u1ec1 n\u01a1i \u0110\u1ee9c Ph\u1eadt Th\u00edch Ca tu th\u00e0nh tr\u00e1nh qu\u1ea3 \u0111\u01b0\u1ee3c \u0111\u01b0a t\u1eeb \u00c2n \u0110\u1ed9 v\u1ec1 .<\/li>\n<li><strong>B\u1ea3o t\u00e0ng m\u1edf Muang Boran<\/strong>, kh\u00e1m ph\u00e1 nh\u1eefng c\u00f4ng tr\u00ecnh ki\u1ebfn tr\u00fac ti\u00eau bi\u1ec3u nh\u1ea5t c\u1ee7a \u0111\u1ea5t n\u01b0\u1edbc Th\u00e1i Lan ch\u1ec9 trong 1 chuy\u1ebfn \u0111i. Th\u01b0\u1edfng th\u1ee9c n\u00e9t v\u0103n h\u00f3a \u0111\u1eb7c s\u1eafc c\u1ee7a d\u00e2n t\u1ed9c Th\u00e1i t\u1ea1i khu v\u1ef1c Ch\u1ee3 N\u1ed5i v\u00e0 c\u0169ng l\u00e0 \u0111\u1ecba \u0111i\u1ec3m \u0111\u01b0\u1ee3c ch\u1ecdn \u0111\u00f3ng r\u1ea5t nhi\u1ec1u b\u1ed9 phim t\u00ecnh c\u1ea3m v\u00e0 h\u00e0nh \u0111\u1ed9ng c\u1ee7a Th\u00e1i t\u1ea1i \u0111\u00e2y. Th\u0103m th\u1ecb tr\u1ea5n ch\u1ee3 c\u1ed5. Chi\u00eam ng\u01b0\u1ee1ng c\u00e1c chi\u1ebfc thuy\u1ec1n R\u1ed3ng Vua ng\u1ef1, h\u00e0nh lang cung c\u1ea5m, Th\u00e1p Ch\u00e0m, c\u00e1c ng\u1ed3i \u0111\u1ec1n ho\u00e0n to\u00e0n b\u1eb1ng gh\u1ed7 ki\u1ebfn tr\u00fac Pagan, c\u00e1c Pavilion c\u1ee7a c\u00e1c b\u1eadc gi\u00e1c ng\u1ed9, Wat Maha That B\u1ed3 T\u00e1t Qu\u00e1n Th\u1ebf \u00c2m ngh\u00ecn m\u1eaft ngh\u00ecn tay&#8230;<\/li>\n<\/ul>\n<p>&nbsp;<\/p>\n<p><a href=\"https:\/\/www.gotadi.com\/services\/wp-content\/uploads\/2025\/02\/Muang-Boran.jpg\"><img loading=\"lazy\" decoding=\"async\" class=\"aligncenter wp-image-4476 size-full\" src=\"https:\/\/www.gotadi.com\/services\/wp-content\/uploads\/2025\/02\/Muang-Boran.jpg\" alt=\"\" width=\"1430\" height=\"953\" srcset=\"https:\/\/www.gotadi.com\/services\/wp-content\/uploads\/2025\/02\/Muang-Boran.jpg 1430w, https:\/\/www.gotadi.com\/services\/wp-content\/uploads\/2025\/02\/Muang-Boran-300x200.jpg 300w, https:\/\/www.gotadi.com\/services\/wp-content\/uploads\/2025\/02\/Muang-Boran-1024x682.jpg 1024w, https:\/\/www.gotadi.com\/services\/wp-content\/uploads\/2025\/02\/Muang-Boran-768x512.jpg 768w, https:\/\/www.gotadi.com\/services\/wp-content\/uploads\/2025\/02\/Muang-Boran-600x400.jpg 600w\" sizes=\"auto, (max-width: 1430px) 100vw, 1430px\" \/><\/a><\/p>\n<p>&nbsp;<\/p>\n<p><strong><u>Tr\u01b0a :<\/u><\/strong> \u0110o\u00e0n \u0103n tr\u01b0a t\u1ea1i nh\u00e0 h\u00e0ng .<\/p>\n<ul>\n<li>\u0110o\u00e0n kh\u1edfi h\u00e0nh tham quan\u00a0<strong>\u201cD\u1ea1o thuy\u1ec1n tr\u00ean d\u00f2ng s\u00f4ng Chaophraya\u00a0Huy\u1ec1n tho\u1ea1i\u201d<\/strong>. <strong>Xem thuy\u1ec1n R\u1ed3ng c\u1ee7a nh\u00e0 vua, xem hi\u1ec7n t\u01b0\u1ee3ng c\u00e1 n\u1ed5i tr\u00ean s\u00f4ng.<\/strong><\/li>\n<li>Qu\u00fd kh\u00e1ch ti\u1ebfp t\u1ee5c vi\u1ebfng\u00a0<strong>\u201cCh\u00f9a Thuy\u1ec1n&#8221;<\/strong>hay \u0111\u01b0\u1ee3c g\u1ecdi l\u00e0\u00a0<strong>Wat Yannawa<\/strong>, do vua Rama III x\u00e2y d\u1ef1ng t\u1eeb nhi\u1ec1u tr\u0103m n\u0103m tr\u01b0\u1edbc, t\u1ecda l\u1ea1c t\u1ea1i \u0111\u01b0\u1eddng Charoen krung qu\u1eadn Sathon Bangkok. Ng\u00f4i ch\u00f9a n\u00e0y c\u00f3 s\u1ef1 k\u1ebft h\u1ee3p h\u00e0i h\u00f2a gi\u1eefa ki\u1ebfn tr\u00fac h\u00ecnh d\u00e1ng con thuy\u1ec1n c\u1ee7a Trung Hoa v\u1edbi m\u00e1i cao v\u00fat c\u1ee7a l\u1ed1i ki\u1ebfn tr\u00fac Th\u00e1i Lan.<\/li>\n<li>Xe \u0111\u00f3n \u0111o\u00e0n v\u1ec1 Kh\u00e1ch s\u1ea1n,<\/li>\n<li>Ngh\u1ec9 \u0111\u00eam t\u1ea1i Bangkok.<\/li>\n<\/ul>\n<p>&nbsp;<\/p>\n<h2 id=\"ngay-3-bangkok-viet-nam-an-sang-trua\"><span data-text-color=\"success\"><strong>NG\u00c0Y 3<\/strong><strong>: BANGKOK <\/strong><strong>\u2013 <\/strong><strong>VI\u1ec6T NAM\u00a0 \u00a0<\/strong><\/span><strong><span data-text-color=\"success\">( \u0102n s\u00e1ng, tr\u01b0a)\u00a0\u00a0\u00a0\u00a0\u00a0\u00a0\u00a0\u00a0\u00a0\u00a0\u00a0\u00a0<\/span>\u00a0\u00a0 <\/strong><\/h2>\n<p><strong><em><u>S\u00e1ng:<\/u><\/em><\/strong> Qu\u00fd kh\u00e1ch d\u00f9ng b\u1eefa s\u00e1ng t\u1ea1i kh\u00e1ch s\u1ea1n, Sau \u0111\u00f3 tr\u1ea3 ph\u00f2ng kh\u00e1ch s\u1ea1n.<\/p>\n<p><strong><em><u>Tr\u01b0a :<\/u><\/em><\/strong> \u0110o\u00e0n d\u00f9ng b\u1eefa tr\u01b0a t\u1ea1i nh\u00e0 h\u00e0ng<\/p>\n<ul>\n<li>Xe \u0111\u01b0a qu\u00fd kh\u00e1ch ra S\u00e2n bay qu\u1ed1c t\u1ebf Suvarnabhumi chuy\u1ebfn bay l\u00fac \u0111\u1ebfn S\u00e2n bay H\u00e0 N\u1ed9i \/ H\u1ed3 Ch\u00ed Minh, Gotadi ch\u00e0o t\u1ea1m bi\u1ec7t v\u00e0 h\u1eb9n g\u1eb7p l\u1ea1i qu\u00fd kh\u00e1ch.<\/li>\n<\/ul>\n<p>K\u1ebft th\u00fac ch\u01b0\u01a1ng tr\u00ecnh, chia tay v\u00e0 h\u1eb9n g\u1eb7p l\u1ea1i qu\u00fd kh\u00e1ch !<\/p>\n<p>&nbsp;<\/p>\n<h3><strong>GI\u00c1 TOUR BAO G\u1ed2M<\/strong><\/h3>\n<ul>\n<li>Xe tham quan ph\u1ee5c v\u1ee5 su\u1ed1t h\u00e0nh tr\u00ecnh<\/li>\n<li>C\u00e1c b\u1eefa \u0103n theo ch\u01b0\u01a1ng tr\u00ecnh<\/li>\n<li>V\u00e9 tham quan c\u00e1c \u0111i\u1ec3m bao g\u1ed3m trong ch\u01b0\u01a1ng tr\u00ecnh<\/li>\n<li>H\u01b0\u1edbng d\u1eabn vi\u00ean nhi\u1ec7t t\u00ecnh, vui v\u1ebb, ph\u1ee5c v\u1ee5 chuy\u00ean nghi\u1ec7p.<\/li>\n<li>B\u1ea3o hi\u1ec3m du l\u1ecbch\u00a0: m\u1ee9c b\u1ed3i th\u01b0\u1eddng 100.000.000 \u0111\/ kh\u00e1ch.<\/li>\n<li>N\u01b0\u1edbc su\u1ed1i (1 chai\/ kh\u00e1ch\/ ng\u00e0y)\u00a0; kh\u0103n l\u1ea1nh (1 c\u00e1i\/ kh\u00e1ch\/ ng\u00e0y).<\/li>\n<li>H\u00f3a \u0111\u01a1n gi\u00e1 tr\u1ecb gia t\u0103ng VAT<\/li>\n<\/ul>\n<p>&nbsp;<\/p>\n<h3><strong>KH\u00d4NG BAO G\u1ed2M<\/strong><\/h3>\n<ul>\n<li>Chi ph\u00ed gi\u1eb7t \u1ee7i, c\u00e1c chi ph\u00ed c\u00e1 nh\u00e2n ph\u00e1t sinh kh\u00e1c.<\/li>\n<li>V\u00e9 m\u00e1y bay kh\u1ee9 h\u1ed3i t\u1eeb HCM\/H\u00e0 N\u1ed9i<\/li>\n<li>Ch\u01b0\u01a1ng tr\u00ecnh Gala Dinner\u00a0: S\u00e2n kh\u1ea5u, \u00e2m thanh, \u00e1nh s\u00e1ng, MC, qu\u00e0 t\u1eb7ng game<\/li>\n<li>Ch\u01b0\u01a1ng tr\u00ecnh teambuilding \/ H\u1ed9i h\u1ecdp theo y\u00eau c\u1ea7u<\/li>\n<li>Su\u1ea5t \u0103n gala dinner.<\/li>\n<li>\u0102n u\u1ed1ng n\u1eb1m ngo\u00e0i ch\u01b0\u01a1ng tr\u00ecnh tour.<\/li>\n<li>Ti\u1ec1n tip cho t\u00e0i x\u1ebf v\u00e0 HDV.<\/li>\n<\/ul>\n<h3><\/h3>\n<h3><em><strong>CH\u00daC QU\u00dd KH\u00c1CH M\u1ed8T CHUY\u1ebeN \u0110I VUI V\u1eba!<\/strong><\/em><\/h3>\n","protected":false},"excerpt":{"rendered":"<p>NG\u00c0Y 1: VIET NAM &#8211; BANGKOK \u00a0( \u0102N 2 B\u1eeeA )\u00a0\u00a0\u00a0\u00a0\u00a0\u00a0\u00a0\u00a0\u00a0\u00a0\u00a0\u00a0\u00a0 Tr\u01b0a :\u00a0 Tr\u01b0\u1edfng \u0111o\u00e0n \u0111\u00f3n kh\u00e1ch t\u1ea1i s\u00e2n bay \u0111\u1ec3 l\u00e0m th\u1ee7 t\u1ee5c checkin \u0111\u00e1p chuy\u1ebfn bay \u0111i Th\u00e1i Lan (Bangkok). \u0110\u1ebfn Th\u00e1i Lan HDV \u0110\u00f3n kh\u00e1ch t\u1ea1i s\u00e2n bay Bangkok . Sau \u0111\u00f3, \u0102n tr\u01b0a t\u1ea1i nh\u00e0 h\u00e0ng sau \u0111\u00f3: Tham quan \u2013&#8230;<\/p>\n","protected":false},"featured_media":4476,"comment_status":"open","ping_status":"closed","template":"","meta":{"_acf_changed":false},"product_cat":[15,195,182,192,191],"product_tag":[],"class_list":{"0":"post-4474","1":"product","2":"type-product","3":"status-publish","4":"has-post-thumbnail","6":"product_cat-tat-ca-tour","7":"product_cat-gala-dinner","8":"product_cat-quoc-te","9":"product_cat-tour-tron-goi","10":"product_cat-trai-nghiem","12":"first","13":"instock","14":"sale","15":"shipping-taxable","16":"purchasable","17":"product-type-simple"},"acf":[],"_links":{"self":[{"href":"https:\/\/www.gotadi.com\/services\/wp-json\/wp\/v2\/product\/4474","targetHints":{"allow":["GET"]}}],"collection":[{"href":"https:\/\/www.gotadi.com\/services\/wp-json\/wp\/v2\/product"}],"about":[{"href":"https:\/\/www.gotadi.com\/services\/wp-json\/wp\/v2\/types\/product"}],"replies":[{"embeddable":true,"href":"https:\/\/www.gotadi.com\/services\/wp-json\/wp\/v2\/comments?post=4474"}],"wp:featuredmedia":[{"embeddable":true,"href":"https:\/\/www.gotadi.com\/services\/wp-json\/wp\/v2\/media\/4476"}],"wp:attachment":[{"href":"https:\/\/www.gotadi.com\/services\/wp-json\/wp\/v2\/media?parent=4474"}],"wp:term":[{"taxonomy":"product_cat","embeddable":true,"href":"https:\/\/www.gotadi.com\/services\/wp-json\/wp\/v2\/product_cat?post=4474"},{"taxonomy":"product_tag","embeddable":true,"href":"https:\/\/www.gotadi.com\/services\/wp-json\/wp\/v2\/product_tag?post=4474"}],"curies":[{"name":"wp","href":"https:\/\/api.w.org\/{rel}","templated":true}]}}